{"id":8425,"date":"2026-03-25T10:34:48","date_gmt":"2026-03-25T14:34:48","guid":{"rendered":"https:\/\/www.uqac.ca\/calendrier\/?post_type=tribe_events&#038;p=8425"},"modified":"2026-03-25T10:34:48","modified_gmt":"2026-03-25T14:34:48","slug":"soiree-de-projection-du-festival-du-film-de-la-montagne-de-banff","status":"publish","type":"tribe_events","link":"https:\/\/www.uqac.ca\/calendrier\/evenement\/soiree-de-projection-du-festival-du-film-de-la-montagne-de-banff\/","title":{"rendered":"Soir\u00e9e de projection du Festival du film de la montagne de Banff"},"content":{"rendered":"<p><img loading=\"lazy\" decoding=\"async\" class=\"alignnone wp-image-8426\" src=\"https:\/\/www.uqac.ca\/calendrier\/wp-content\/uploads\/2026\/03\/Visuel-BANFF-300x169.png\" alt=\"\" width=\"475\" height=\"267\" srcset=\"https:\/\/www.uqac.ca\/calendrier\/wp-content\/uploads\/2026\/03\/Visuel-BANFF-300x169.png 300w, https:\/\/www.uqac.ca\/calendrier\/wp-content\/uploads\/2026\/03\/Visuel-BANFF-1024x576.png 1024w, https:\/\/www.uqac.ca\/calendrier\/wp-content\/uploads\/2026\/03\/Visuel-BANFF-768x432.png 768w, https:\/\/www.uqac.ca\/calendrier\/wp-content\/uploads\/2026\/03\/Visuel-BANFF-1536x864.png 1536w, https:\/\/www.uqac.ca\/calendrier\/wp-content\/uploads\/2026\/03\/Visuel-BANFF.png 1920w\" sizes=\"auto, (max-width: 475px) 100vw, 475px\" \/><\/p>\n<p>Plongez dans l\u2019univers de l\u2019aventure et du plein air avec une soir\u00e9e de projection du Festival du film de la montagne de Banff ! Joignez-vous \u00e0 nous le<strong> lundi 30 mars \u00e0 l\u2019auditorium P0-5000<\/strong> pour d\u00e9couvrir des films inspirants issus des quatre coins du monde. L\u2019ouverture des portes se fera \u00e0 18 h et la projection d\u00e9butera \u00e0 18 h 30. L\u2019\u00e9v\u00e9nement est gratuit et ouvert \u00e0 toutes et \u00e0 tous \u2014 une occasion parfaite de s\u2019\u00e9vader le temps d\u2019une soir\u00e9e!<\/p>\n","protected":false},"excerpt":{"rendered":"<p>Plongez dans l\u2019univers de l\u2019aventure et du plein air avec une soir\u00e9e de projection du Festival du film de la montagne de Banff ! Joignez-vous \u00e0 nous le lundi 30 [&hellip;]<\/p>\n","protected":false},"author":36,"featured_media":0,"template":"","meta":{"_acf_changed":false,"_tribe_events_status":"","_tribe_events_status_reason":"","_tribe_events_is_hybrid":"","_tribe_events_is_virtual":"","_tribe_events_virtual_video_source":"","_tribe_events_virtual_embed_video":"","_tribe_events_virtual_linked_button_text":"","_tribe_events_virtual_linked_button":"","_tribe_events_virtual_show_embed_at":"","_tribe_events_virtual_show_embed_to":[],"_tribe_events_virtual_show_on_event":"","_tribe_events_virtual_show_on_views":"","_tribe_events_virtual_url":"","footnotes":""},"tags":[],"tribe_events_cat":[143],"class_list":["post-8425","tribe_events","type-tribe_events","status-publish","hentry","tribe_events_cat-vie-etudiante","cat_vie-etudiante"],"acf":[],"_links":{"self":[{"href":"https:\/\/www.uqac.ca\/calendrier\/wp-json\/wp\/v2\/tribe_events\/8425","targetHints":{"allow":["GET"]}}],"collection":[{"href":"https:\/\/www.uqac.ca\/calendrier\/wp-json\/wp\/v2\/tribe_events"}],"about":[{"href":"https:\/\/www.uqac.ca\/calendrier\/wp-json\/wp\/v2\/types\/tribe_events"}],"author":[{"embeddable":true,"href":"https:\/\/www.uqac.ca\/calendrier\/wp-json\/wp\/v2\/users\/36"}],"version-history":[{"count":1,"href":"https:\/\/www.uqac.ca\/calendrier\/wp-json\/wp\/v2\/tribe_events\/8425\/revisions"}],"predecessor-version":[{"id":8427,"href":"https:\/\/www.uqac.ca\/calendrier\/wp-json\/wp\/v2\/tribe_events\/8425\/revisions\/8427"}],"wp:attachment":[{"href":"https:\/\/www.uqac.ca\/calendrier\/wp-json\/wp\/v2\/media?parent=8425"}],"wp:term":[{"taxonomy":"post_tag","embeddable":true,"href":"https:\/\/www.uqac.ca\/calendrier\/wp-json\/wp\/v2\/tags?post=8425"},{"taxonomy":"tribe_events_cat","embeddable":true,"href":"https:\/\/www.uqac.ca\/calendrier\/wp-json\/wp\/v2\/tribe_events_cat?post=8425"}],"curies":[{"name":"wp","href":"https:\/\/api.w.org\/{rel}","templated":true}]}}

Soirée de projection du Festival du film de la montagne de Banff

<p><img loading="lazy" decoding="async" class="alignnone wp-image-8426" src="https://www.uqac.ca/calendrier/wp-content/uploads/2026/03/Visuel-BANFF-300x169.png" alt="" width="475" height="267" srcset="https://www.uqac.ca/calendrier/wp-content/uploads/2026/03/Visuel-BANFF-300x169.png 300w, https://www.uqac.ca/calendrier/wp-content/uploads/2026/03/Visuel-BANFF-1024x576.png 1024w, https://www.uqac.ca/calendrier/wp-content/uploads/2026/03/Visuel-BANFF-768x432.png 768w, https://www.uqac.ca/calendrier/wp-content/uploads/2026/03/Visuel-BANFF-1536x864.png 1536w, https://www.uqac.ca/calendrier/wp-content/uploads/2026/03/Visuel-BANFF.png 1920w" sizes="auto, (max-width: 475px) 100vw, 475px" /></p>
<p>Plongez dans l’univers de l’aventure et du plein air avec une soirée de projection du Festival du film de la montagne de Banff ! Joignez-vous à nous le<strong> lundi 30 mars à l’auditorium P0-5000</strong> pour découvrir des films inspirants issus des quatre coins du monde. L’ouverture des portes se fera à 18 h et la projection débutera à 18 h 30. L’événement est gratuit et ouvert à toutes et à tous — une occasion parfaite de s’évader le temps d’une soirée!</p>

<p>Plongez dans l’univers de l’aventure et du plein air avec une soirée de projection du Festival du film de la montagne de Banff ! Joignez-vous à nous le lundi 30 [&hellip;]</p>
