{"id":8491,"date":"2026-04-10T15:47:58","date_gmt":"2026-04-10T19:47:58","guid":{"rendered":"https:\/\/www.uqac.ca\/calendrier\/?post_type=tribe_events&#038;p=8491"},"modified":"2026-04-10T15:48:08","modified_gmt":"2026-04-10T19:48:08","slug":"dejeuner-du-personnel-montreal","status":"publish","type":"tribe_events","link":"https:\/\/www.uqac.ca\/calendrier\/evenement\/dejeuner-du-personnel-montreal\/","title":{"rendered":"D\u00e9jeuner du personnel \u00b7 Campus de Montr\u00e9al (NAD-UQAC)"},"content":{"rendered":"<p class=\"elementtoproof\">Participez \u00e0 un\u00a0petit\u00a0d\u00e9jeuner\u00a0convivial, et profitez de ce moment de rencontre festif et chaleureux afin de souligner l\u2019engagement et la contribution pr\u00e9cieuse de chaque membre de la communaut\u00e9.<\/p>\n<p><strong>R\u00c9SERV\u00c9 AU PERSONNEL DE L\u2019UQAC<\/strong><\/p>\n<p>\u2013 Activit\u00e9 propos\u00e9e dans le cadre des\u00a0<a href=\"https:\/\/www.uqac.ca\/reconnaissance\/\">F\u00eates de la reconnaissance 2026<\/a>\u00a0\u2013<\/p>\n","protected":false},"excerpt":{"rendered":"<p>Participez \u00e0 un\u00a0petit\u00a0d\u00e9jeuner\u00a0convivial, et profitez de ce moment de rencontre festif et chaleureux afin de souligner l\u2019engagement et la contribution pr\u00e9cieuse de chaque membre de la communaut\u00e9. R\u00c9SERV\u00c9 AU PERSONNEL [&hellip;]<\/p>\n","protected":false},"author":7,"featured_media":0,"template":"","meta":{"_acf_changed":false,"_tribe_events_status":"","_tribe_events_status_reason":"","_tribe_events_is_hybrid":"","_tribe_events_is_virtual":"","_tribe_events_virtual_video_source":"","_tribe_events_virtual_embed_video":"","_tribe_events_virtual_linked_button_text":"","_tribe_events_virtual_linked_button":"","_tribe_events_virtual_show_embed_at":"","_tribe_events_virtual_show_embed_to":[],"_tribe_events_virtual_show_on_event":"","_tribe_events_virtual_show_on_views":"","_tribe_events_virtual_url":"","footnotes":""},"tags":[],"tribe_events_cat":[35],"class_list":["post-8491","tribe_events","type-tribe_events","status-publish","hentry","tribe_events_cat-rencontres-et-evenements-festifs","cat_rencontres-et-evenements-festifs"],"acf":[],"_links":{"self":[{"href":"https:\/\/www.uqac.ca\/calendrier\/wp-json\/wp\/v2\/tribe_events\/8491","targetHints":{"allow":["GET"]}}],"collection":[{"href":"https:\/\/www.uqac.ca\/calendrier\/wp-json\/wp\/v2\/tribe_events"}],"about":[{"href":"https:\/\/www.uqac.ca\/calendrier\/wp-json\/wp\/v2\/types\/tribe_events"}],"author":[{"embeddable":true,"href":"https:\/\/www.uqac.ca\/calendrier\/wp-json\/wp\/v2\/users\/7"}],"version-history":[{"count":1,"href":"https:\/\/www.uqac.ca\/calendrier\/wp-json\/wp\/v2\/tribe_events\/8491\/revisions"}],"predecessor-version":[{"id":8493,"href":"https:\/\/www.uqac.ca\/calendrier\/wp-json\/wp\/v2\/tribe_events\/8491\/revisions\/8493"}],"wp:attachment":[{"href":"https:\/\/www.uqac.ca\/calendrier\/wp-json\/wp\/v2\/media?parent=8491"}],"wp:term":[{"taxonomy":"post_tag","embeddable":true,"href":"https:\/\/www.uqac.ca\/calendrier\/wp-json\/wp\/v2\/tags?post=8491"},{"taxonomy":"tribe_events_cat","embeddable":true,"href":"https:\/\/www.uqac.ca\/calendrier\/wp-json\/wp\/v2\/tribe_events_cat?post=8491"}],"curies":[{"name":"wp","href":"https:\/\/api.w.org\/{rel}","templated":true}]}}

Déjeuner du personnel · Campus de Montréal (NAD-UQAC)

<p class="elementtoproof">Participez à un petit déjeuner convivial, et profitez de ce moment de rencontre festif et chaleureux afin de souligner l’engagement et la contribution précieuse de chaque membre de la communauté.</p>
<p><strong>RÉSERVÉ AU PERSONNEL DE L’UQAC</strong></p>
<p>– Activité proposée dans le cadre des <a href="https://www.uqac.ca/reconnaissance/">Fêtes de la reconnaissance 2026</a> –</p>

<p>Participez à un petit déjeuner convivial, et profitez de ce moment de rencontre festif et chaleureux afin de souligner l’engagement et la contribution précieuse de chaque membre de la communauté. RÉSERVÉ AU PERSONNEL [&hellip;]</p>
