{"id":8525,"date":"2026-04-17T14:32:49","date_gmt":"2026-04-17T18:32:49","guid":{"rendered":"https:\/\/www.uqac.ca\/calendrier\/?post_type=tribe_events&#038;p=8525"},"modified":"2026-04-17T14:33:17","modified_gmt":"2026-04-17T18:33:17","slug":"balado-ma-vie-de-campus-episode-special-jour-de-la-terre","status":"publish","type":"tribe_events","link":"https:\/\/www.uqac.ca\/calendrier\/evenement\/balado-ma-vie-de-campus-episode-special-jour-de-la-terre\/","title":{"rendered":"Balado Ma vie de campus \u00b7 \u00c9pisode sp\u00e9cial Jour de la Terre"},"content":{"rendered":"<p>Dans le cadre de l&rsquo;\u00e9dition 2026 des F\u00eates de la reconnaissance, c\u00e9l\u00e9brez le Jour de la Terre en assistant \u00e0 l\u2019enregistrement du balado <em>Ma vie de campus<\/em>, propuls\u00e9 par les Services aux \u00e9tudiants.<\/p>\n<p>Pour plus de d\u00e9tails : <a href=\"https:\/\/www.uqac.ca\/reconnaissance\/balado-ma-vie-de-campus-episode-special-jour-de-la-terre\/\" target=\"_blank\" rel=\"noopener\">https:\/\/www.uqac.ca\/reconnaissance\/balado-ma-vie-de-campus-episode-special-jour-de-la-terre\/\u00a0<\/a><\/p>\n","protected":false},"excerpt":{"rendered":"<p>Dans le cadre de l&rsquo;\u00e9dition 2026 des F\u00eates de la reconnaissance, c\u00e9l\u00e9brez le Jour de la Terre en assistant \u00e0 l\u2019enregistrement du balado Ma vie de campus, propuls\u00e9 par les [&hellip;]<\/p>\n","protected":false},"author":36,"featured_media":0,"template":"","meta":{"_acf_changed":false,"_tribe_events_status":"","_tribe_events_status_reason":"","_tribe_events_is_hybrid":"","_tribe_events_is_virtual":"","_tribe_events_virtual_video_source":"","_tribe_events_virtual_embed_video":"","_tribe_events_virtual_linked_button_text":"","_tribe_events_virtual_linked_button":"","_tribe_events_virtual_show_embed_at":"","_tribe_events_virtual_show_embed_to":[],"_tribe_events_virtual_show_on_event":"","_tribe_events_virtual_show_on_views":"","_tribe_events_virtual_url":"","footnotes":""},"tags":[],"tribe_events_cat":[],"class_list":["post-8525","tribe_events","type-tribe_events","status-publish","hentry"],"acf":[],"_links":{"self":[{"href":"https:\/\/www.uqac.ca\/calendrier\/wp-json\/wp\/v2\/tribe_events\/8525","targetHints":{"allow":["GET"]}}],"collection":[{"href":"https:\/\/www.uqac.ca\/calendrier\/wp-json\/wp\/v2\/tribe_events"}],"about":[{"href":"https:\/\/www.uqac.ca\/calendrier\/wp-json\/wp\/v2\/types\/tribe_events"}],"author":[{"embeddable":true,"href":"https:\/\/www.uqac.ca\/calendrier\/wp-json\/wp\/v2\/users\/36"}],"version-history":[{"count":1,"href":"https:\/\/www.uqac.ca\/calendrier\/wp-json\/wp\/v2\/tribe_events\/8525\/revisions"}],"predecessor-version":[{"id":8526,"href":"https:\/\/www.uqac.ca\/calendrier\/wp-json\/wp\/v2\/tribe_events\/8525\/revisions\/8526"}],"wp:attachment":[{"href":"https:\/\/www.uqac.ca\/calendrier\/wp-json\/wp\/v2\/media?parent=8525"}],"wp:term":[{"taxonomy":"post_tag","embeddable":true,"href":"https:\/\/www.uqac.ca\/calendrier\/wp-json\/wp\/v2\/tags?post=8525"},{"taxonomy":"tribe_events_cat","embeddable":true,"href":"https:\/\/www.uqac.ca\/calendrier\/wp-json\/wp\/v2\/tribe_events_cat?post=8525"}],"curies":[{"name":"wp","href":"https:\/\/api.w.org\/{rel}","templated":true}]}}

Balado Ma vie de campus · Épisode spécial Jour de la Terre

<p>Dans le cadre de l&rsquo;édition 2026 des Fêtes de la reconnaissance, célébrez le Jour de la Terre en assistant à l’enregistrement du balado <em>Ma vie de campus</em>, propulsé par les Services aux étudiants.</p>
<p>Pour plus de détails : <a href="https://www.uqac.ca/reconnaissance/balado-ma-vie-de-campus-episode-special-jour-de-la-terre/" target="_blank" rel="noopener">https://www.uqac.ca/reconnaissance/balado-ma-vie-de-campus-episode-special-jour-de-la-terre/ </a></p>

<p>Dans le cadre de l&rsquo;édition 2026 des Fêtes de la reconnaissance, célébrez le Jour de la Terre en assistant à l’enregistrement du balado Ma vie de campus, propulsé par les [&hellip;]</p>
