{"id":8553,"date":"2026-04-23T13:52:59","date_gmt":"2026-04-23T17:52:59","guid":{"rendered":"https:\/\/www.uqac.ca\/calendrier\/?post_type=tribe_events&#038;p=8553"},"modified":"2026-04-23T13:52:59","modified_gmt":"2026-04-23T17:52:59","slug":"soutenance-de-these-de-frederick-munger-etudiant-au-doctorat-en-ingenierie","status":"publish","type":"tribe_events","link":"https:\/\/www.uqac.ca\/calendrier\/evenement\/soutenance-de-these-de-frederick-munger-etudiant-au-doctorat-en-ingenierie\/","title":{"rendered":"Soutenance de th\u00e8se de Fr\u00e9d\u00e9rick Munger, \u00e9tudiant au doctorat en ing\u00e9nierie"},"content":{"rendered":"<p><strong>CANDIDAT<\/strong><br \/>\nFr\u00e9d\u00e9rick Munger<\/p>\n<p><strong>PROGRAMME<\/strong><br \/>\nDoctorat en ing\u00e9nierie<\/p>\n<p><strong>TITRE DE LA TH\u00c8SE<\/strong><br \/>\nContribution \u00e0 la protection des r\u00e9seaux \u00e9lectriques modernes \u00e0 forte p\u00e9n\u00e9tration de sources d\u2019\u00e9nergie renouvelable raccord\u00e9es au moyen d\u2019onduleurs<\/p>\n<p><strong>DIRECTION DE RECHERCHE<\/strong><br \/>\nStephan Brettschneider, UQAC<\/p>\n<p><strong>CODIRECTION DE RECHERCHE<\/strong><br \/>\nIssouf Fofana, UQAC<\/p>\n<p><strong>JURY D\u2019\u00c9VALUATION<\/strong><br \/>\nFethi Meghnefi, UQAC<br \/>\nMamadou Lamine Doumbia, UQTR<\/p>\n<p><strong>PR\u00c9SIDENCE DU JURY<\/strong><br \/>\nMohand Ouhrouche, UQAC<\/p>\n<p><strong>DIRECTION DE PROGRAMME (OU REPR\u00c9SENTANT(E))<\/strong><br \/>\nDilip Sarkar, UQAC<\/p>\n<p>Pour y assister \u00e0 distance (connexion requise 30 minutes avant le d\u00e9but de la soutenance):\u00a0 <strong><a href=\"https:\/\/uqac.zoom.us\/my\/soutenancedethese\/\" target=\"_blank\" rel=\"noopener\">https:\/\/uqac.zoom.us\/my\/soutenancedethese\/<\/a><\/strong>.<\/p>\n<p>&nbsp;<\/p>\n","protected":false},"excerpt":{"rendered":"<p>CANDIDAT Fr\u00e9d\u00e9rick Munger PROGRAMME Doctorat en ing\u00e9nierie TITRE DE LA TH\u00c8SE Contribution \u00e0 la protection des r\u00e9seaux \u00e9lectriques modernes \u00e0 forte p\u00e9n\u00e9tration de sources d\u2019\u00e9nergie renouvelable raccord\u00e9es au moyen d\u2019onduleurs [&hellip;]<\/p>\n","protected":false},"author":36,"featured_media":0,"template":"","meta":{"_acf_changed":false,"_tribe_events_status":"","_tribe_events_status_reason":"","_tribe_events_is_hybrid":"","_tribe_events_is_virtual":"","_tribe_events_virtual_video_source":"","_tribe_events_virtual_embed_video":"","_tribe_events_virtual_linked_button_text":"","_tribe_events_virtual_linked_button":"","_tribe_events_virtual_show_embed_at":"","_tribe_events_virtual_show_embed_to":[],"_tribe_events_virtual_show_on_event":"","_tribe_events_virtual_show_on_views":"","_tribe_events_virtual_url":"","footnotes":""},"tags":[29],"tribe_events_cat":[26],"class_list":["post-8553","tribe_events","type-tribe_events","status-publish","hentry","tag-dsa","tribe_events_cat-enseignement-rechercher-et-formation","cat_enseignement-rechercher-et-formation"],"acf":[],"_links":{"self":[{"href":"https:\/\/www.uqac.ca\/calendrier\/wp-json\/wp\/v2\/tribe_events\/8553","targetHints":{"allow":["GET"]}}],"collection":[{"href":"https:\/\/www.uqac.ca\/calendrier\/wp-json\/wp\/v2\/tribe_events"}],"about":[{"href":"https:\/\/www.uqac.ca\/calendrier\/wp-json\/wp\/v2\/types\/tribe_events"}],"author":[{"embeddable":true,"href":"https:\/\/www.uqac.ca\/calendrier\/wp-json\/wp\/v2\/users\/36"}],"version-history":[{"count":1,"href":"https:\/\/www.uqac.ca\/calendrier\/wp-json\/wp\/v2\/tribe_events\/8553\/revisions"}],"predecessor-version":[{"id":8554,"href":"https:\/\/www.uqac.ca\/calendrier\/wp-json\/wp\/v2\/tribe_events\/8553\/revisions\/8554"}],"wp:attachment":[{"href":"https:\/\/www.uqac.ca\/calendrier\/wp-json\/wp\/v2\/media?parent=8553"}],"wp:term":[{"taxonomy":"post_tag","embeddable":true,"href":"https:\/\/www.uqac.ca\/calendrier\/wp-json\/wp\/v2\/tags?post=8553"},{"taxonomy":"tribe_events_cat","embeddable":true,"href":"https:\/\/www.uqac.ca\/calendrier\/wp-json\/wp\/v2\/tribe_events_cat?post=8553"}],"curies":[{"name":"wp","href":"https:\/\/api.w.org\/{rel}","templated":true}]}}

Soutenance de thèse de Frédérick Munger, étudiant au doctorat en ingénierie

<p><strong>CANDIDAT</strong><br />
Frédérick Munger</p>
<p><strong>PROGRAMME</strong><br />
Doctorat en ingénierie</p>
<p><strong>TITRE DE LA THÈSE</strong><br />
Contribution à la protection des réseaux électriques modernes à forte pénétration de sources d’énergie renouvelable raccordées au moyen d’onduleurs</p>
<p><strong>DIRECTION DE RECHERCHE</strong><br />
Stephan Brettschneider, UQAC</p>
<p><strong>CODIRECTION DE RECHERCHE</strong><br />
Issouf Fofana, UQAC</p>
<p><strong>JURY D’ÉVALUATION</strong><br />
Fethi Meghnefi, UQAC<br />
Mamadou Lamine Doumbia, UQTR</p>
<p><strong>PRÉSIDENCE DU JURY</strong><br />
Mohand Ouhrouche, UQAC</p>
<p><strong>DIRECTION DE PROGRAMME (OU REPRÉSENTANT(E))</strong><br />
Dilip Sarkar, UQAC</p>
<p>Pour y assister à distance (connexion requise 30 minutes avant le début de la soutenance):  <strong><a href="https://uqac.zoom.us/my/soutenancedethese/" target="_blank" rel="noopener">https://uqac.zoom.us/my/soutenancedethese/</a></strong>.</p>
<p>&nbsp;</p>

<p>CANDIDAT Frédérick Munger PROGRAMME Doctorat en ingénierie TITRE DE LA THÈSE Contribution à la protection des réseaux électriques modernes à forte pénétration de sources d’énergie renouvelable raccordées au moyen d’onduleurs [&hellip;]</p>
