{"id":8562,"date":"2026-04-27T09:37:53","date_gmt":"2026-04-27T13:37:53","guid":{"rendered":"https:\/\/www.uqac.ca\/calendrier\/?post_type=tribe_events&#038;p=8562"},"modified":"2026-04-27T09:37:53","modified_gmt":"2026-04-27T13:37:53","slug":"comprendre-et-apprivoiser-les-eco-emotions-discussion-et-cercle-de-partage","status":"publish","type":"tribe_events","link":"https:\/\/www.uqac.ca\/calendrier\/evenement\/comprendre-et-apprivoiser-les-eco-emotions-discussion-et-cercle-de-partage\/","title":{"rendered":"Comprendre et apprivoiser les \u00e9co-\u00e9motions | Discussion et cercle de partage"},"content":{"rendered":"<p><img loading=\"lazy\" decoding=\"async\" class=\"alignnone wp-image-8563\" src=\"https:\/\/www.uqac.ca\/calendrier\/wp-content\/uploads\/2026\/04\/Activite-28-mai_UQAC-3-300x169.png\" alt=\"\" width=\"400\" height=\"225\" srcset=\"https:\/\/www.uqac.ca\/calendrier\/wp-content\/uploads\/2026\/04\/Activite-28-mai_UQAC-3-300x169.png 300w, https:\/\/www.uqac.ca\/calendrier\/wp-content\/uploads\/2026\/04\/Activite-28-mai_UQAC-3-1024x576.png 1024w, https:\/\/www.uqac.ca\/calendrier\/wp-content\/uploads\/2026\/04\/Activite-28-mai_UQAC-3-768x432.png 768w, https:\/\/www.uqac.ca\/calendrier\/wp-content\/uploads\/2026\/04\/Activite-28-mai_UQAC-3.png 1200w\" sizes=\"auto, (max-width: 400px) 100vw, 400px\" \/><\/p>\n<p>Le Comit\u00e9 vert du GS, en collaboration avec le Comit\u00e9 de sant\u00e9 mentale, vous invite \u00e0 participer \u00e0 une activit\u00e9 de r\u00e9flexion et de partage autour des \u00e9co-\u00e9motions. L&rsquo;activit\u00e9 prendra la forme d&rsquo;une discussion et d&rsquo;un cercle de partage, le tout anim\u00e9 par Dre St\u00e9phanie Collard et Dre Catherine Morin.<\/p>\n<p>Cette activit\u00e9 s&rsquo;adresse \u00e0 toute personne de l&rsquo;UQAC ou du Grand S\u00e9minaire de Chicoutimi, que ce soit \u00e0 titre d&rsquo;\u00e9tudiant(e), de membre de la direction ou du personnel.<\/p>\n<p>Pour s&rsquo;inscrire : <a href=\"https:\/\/docs.google.com\/forms\/d\/e\/1FAIpQLScQWMZQiO1jIneAy_nGOThBIGnno8Kn22iSx6M6T8TocvHC8Q\/viewform\">https:\/\/docs.google.com\/forms\/d\/e\/1FAIpQLScQWMZQiO1jIneAy_nGOThBIGnno8Kn22iSx6M6T8TocvHC8Q\/viewform<\/a><\/p>\n","protected":false},"excerpt":{"rendered":"<p>Le Comit\u00e9 vert du GS, en collaboration avec le Comit\u00e9 de sant\u00e9 mentale, vous invite \u00e0 participer \u00e0 une activit\u00e9 de r\u00e9flexion et de partage autour des \u00e9co-\u00e9motions. L&rsquo;activit\u00e9 prendra [&hellip;]<\/p>\n","protected":false},"author":36,"featured_media":0,"template":"","meta":{"_acf_changed":false,"_tribe_events_status":"","_tribe_events_status_reason":"","_tribe_events_is_hybrid":"","_tribe_events_is_virtual":"","_tribe_events_virtual_video_source":"","_tribe_events_virtual_embed_video":"","_tribe_events_virtual_linked_button_text":"","_tribe_events_virtual_linked_button":"","_tribe_events_virtual_show_embed_at":"","_tribe_events_virtual_show_embed_to":[],"_tribe_events_virtual_show_on_event":"","_tribe_events_virtual_show_on_views":"","_tribe_events_virtual_url":"","footnotes":""},"tags":[],"tribe_events_cat":[23],"class_list":["post-8562","tribe_events","type-tribe_events","status-publish","hentry","tribe_events_cat-conferences-et-presentations","cat_conferences-et-presentations"],"acf":[],"_links":{"self":[{"href":"https:\/\/www.uqac.ca\/calendrier\/wp-json\/wp\/v2\/tribe_events\/8562","targetHints":{"allow":["GET"]}}],"collection":[{"href":"https:\/\/www.uqac.ca\/calendrier\/wp-json\/wp\/v2\/tribe_events"}],"about":[{"href":"https:\/\/www.uqac.ca\/calendrier\/wp-json\/wp\/v2\/types\/tribe_events"}],"author":[{"embeddable":true,"href":"https:\/\/www.uqac.ca\/calendrier\/wp-json\/wp\/v2\/users\/36"}],"version-history":[{"count":1,"href":"https:\/\/www.uqac.ca\/calendrier\/wp-json\/wp\/v2\/tribe_events\/8562\/revisions"}],"predecessor-version":[{"id":8565,"href":"https:\/\/www.uqac.ca\/calendrier\/wp-json\/wp\/v2\/tribe_events\/8562\/revisions\/8565"}],"wp:attachment":[{"href":"https:\/\/www.uqac.ca\/calendrier\/wp-json\/wp\/v2\/media?parent=8562"}],"wp:term":[{"taxonomy":"post_tag","embeddable":true,"href":"https:\/\/www.uqac.ca\/calendrier\/wp-json\/wp\/v2\/tags?post=8562"},{"taxonomy":"tribe_events_cat","embeddable":true,"href":"https:\/\/www.uqac.ca\/calendrier\/wp-json\/wp\/v2\/tribe_events_cat?post=8562"}],"curies":[{"name":"wp","href":"https:\/\/api.w.org\/{rel}","templated":true}]}}

Comprendre et apprivoiser les éco-émotions | Discussion et cercle de partage

<p><img loading="lazy" decoding="async" class="alignnone wp-image-8563" src="https://www.uqac.ca/calendrier/wp-content/uploads/2026/04/Activite-28-mai_UQAC-3-300x169.png" alt="" width="400" height="225" srcset="https://www.uqac.ca/calendrier/wp-content/uploads/2026/04/Activite-28-mai_UQAC-3-300x169.png 300w, https://www.uqac.ca/calendrier/wp-content/uploads/2026/04/Activite-28-mai_UQAC-3-1024x576.png 1024w, https://www.uqac.ca/calendrier/wp-content/uploads/2026/04/Activite-28-mai_UQAC-3-768x432.png 768w, https://www.uqac.ca/calendrier/wp-content/uploads/2026/04/Activite-28-mai_UQAC-3.png 1200w" sizes="auto, (max-width: 400px) 100vw, 400px" /></p>
<p>Le Comité vert du GS, en collaboration avec le Comité de santé mentale, vous invite à participer à une activité de réflexion et de partage autour des éco-émotions. L&rsquo;activité prendra la forme d&rsquo;une discussion et d&rsquo;un cercle de partage, le tout animé par Dre Stéphanie Collard et Dre Catherine Morin.</p>
<p>Cette activité s&rsquo;adresse à toute personne de l&rsquo;UQAC ou du Grand Séminaire de Chicoutimi, que ce soit à titre d&rsquo;étudiant(e), de membre de la direction ou du personnel.</p>
<p>Pour s&rsquo;inscrire : <a href="https://docs.google.com/forms/d/e/1FAIpQLScQWMZQiO1jIneAy_nGOThBIGnno8Kn22iSx6M6T8TocvHC8Q/viewform">https://docs.google.com/forms/d/e/1FAIpQLScQWMZQiO1jIneAy_nGOThBIGnno8Kn22iSx6M6T8TocvHC8Q/viewform</a></p>

<p>Le Comité vert du GS, en collaboration avec le Comité de santé mentale, vous invite à participer à une activité de réflexion et de partage autour des éco-émotions. L&rsquo;activité prendra [&hellip;]</p>
