{"id":8566,"date":"2026-04-27T09:49:38","date_gmt":"2026-04-27T13:49:38","guid":{"rendered":"https:\/\/www.uqac.ca\/calendrier\/?post_type=tribe_events&#038;p=8566"},"modified":"2026-04-27T09:49:38","modified_gmt":"2026-04-27T13:49:38","slug":"activite-annuelle-du-pole-sur-les-transitions-en-enseignement-superieur","status":"publish","type":"tribe_events","link":"https:\/\/www.uqac.ca\/calendrier\/evenement\/activite-annuelle-du-pole-sur-les-transitions-en-enseignement-superieur\/","title":{"rendered":"Activit\u00e9 annuelle du P\u00f4le sur les transitions en enseignement sup\u00e9rieur"},"content":{"rendered":"<p><img loading=\"lazy\" decoding=\"async\" class=\"alignnone wp-image-8567\" src=\"https:\/\/www.uqac.ca\/calendrier\/wp-content\/uploads\/2026\/04\/dec75262-7a40-a70e-fdeb-b829adf43dc9-300x169.png\" alt=\"\" width=\"400\" height=\"225\" srcset=\"https:\/\/www.uqac.ca\/calendrier\/wp-content\/uploads\/2026\/04\/dec75262-7a40-a70e-fdeb-b829adf43dc9-300x169.png 300w, https:\/\/www.uqac.ca\/calendrier\/wp-content\/uploads\/2026\/04\/dec75262-7a40-a70e-fdeb-b829adf43dc9-1024x576.png 1024w, https:\/\/www.uqac.ca\/calendrier\/wp-content\/uploads\/2026\/04\/dec75262-7a40-a70e-fdeb-b829adf43dc9-768x432.png 768w, https:\/\/www.uqac.ca\/calendrier\/wp-content\/uploads\/2026\/04\/dec75262-7a40-a70e-fdeb-b829adf43dc9.png 1200w\" sizes=\"auto, (max-width: 400px) 100vw, 400px\" \/><\/p>\n<p>En plus de mettre en lumi\u00e8re les projets du P\u00f4le, cette nouvelle formule accorde une place privil\u00e9gi\u00e9e aux initiatives de nos \u00e9tablissements membres et de nos partenaires en mati\u00e8re de transitions scolaires, afin de favoriser le partage, l\u2019inspiration et les \u00e9changes entre les milieux, et ainsi contribuer au d\u00e9veloppement de pratiques toujours plus porteuses.<\/p>\n<p>Pour plus d&rsquo;information et pour s&rsquo;inscrire : <a href=\"https:\/\/poletransitionseducation.ca\/initiatives-regionales\/activite-annuelle-2026\/\">https:\/\/poletransitionseducation.ca\/initiatives-regionales\/activite-annuelle-2026\/<\/a><\/p>\n","protected":false},"excerpt":{"rendered":"<p>En plus de mettre en lumi\u00e8re les projets du P\u00f4le, cette nouvelle formule accorde une place privil\u00e9gi\u00e9e aux initiatives de nos \u00e9tablissements membres et de nos partenaires en mati\u00e8re de [&hellip;]<\/p>\n","protected":false},"author":36,"featured_media":0,"template":"","meta":{"_acf_changed":false,"_tribe_events_status":"","_tribe_events_status_reason":"","_tribe_events_is_hybrid":"","_tribe_events_is_virtual":"","_tribe_events_virtual_video_source":"","_tribe_events_virtual_embed_video":"","_tribe_events_virtual_linked_button_text":"","_tribe_events_virtual_linked_button":"","_tribe_events_virtual_show_embed_at":"","_tribe_events_virtual_show_embed_to":[],"_tribe_events_virtual_show_on_event":"","_tribe_events_virtual_show_on_views":"","_tribe_events_virtual_url":"","footnotes":""},"tags":[],"tribe_events_cat":[26],"class_list":["post-8566","tribe_events","type-tribe_events","status-publish","hentry","tribe_events_cat-enseignement-rechercher-et-formation","cat_enseignement-rechercher-et-formation"],"acf":[],"_links":{"self":[{"href":"https:\/\/www.uqac.ca\/calendrier\/wp-json\/wp\/v2\/tribe_events\/8566","targetHints":{"allow":["GET"]}}],"collection":[{"href":"https:\/\/www.uqac.ca\/calendrier\/wp-json\/wp\/v2\/tribe_events"}],"about":[{"href":"https:\/\/www.uqac.ca\/calendrier\/wp-json\/wp\/v2\/types\/tribe_events"}],"author":[{"embeddable":true,"href":"https:\/\/www.uqac.ca\/calendrier\/wp-json\/wp\/v2\/users\/36"}],"version-history":[{"count":1,"href":"https:\/\/www.uqac.ca\/calendrier\/wp-json\/wp\/v2\/tribe_events\/8566\/revisions"}],"predecessor-version":[{"id":8568,"href":"https:\/\/www.uqac.ca\/calendrier\/wp-json\/wp\/v2\/tribe_events\/8566\/revisions\/8568"}],"wp:attachment":[{"href":"https:\/\/www.uqac.ca\/calendrier\/wp-json\/wp\/v2\/media?parent=8566"}],"wp:term":[{"taxonomy":"post_tag","embeddable":true,"href":"https:\/\/www.uqac.ca\/calendrier\/wp-json\/wp\/v2\/tags?post=8566"},{"taxonomy":"tribe_events_cat","embeddable":true,"href":"https:\/\/www.uqac.ca\/calendrier\/wp-json\/wp\/v2\/tribe_events_cat?post=8566"}],"curies":[{"name":"wp","href":"https:\/\/api.w.org\/{rel}","templated":true}]}}

Activité annuelle du Pôle sur les transitions en enseignement supérieur

<p><img loading="lazy" decoding="async" class="alignnone wp-image-8567" src="https://www.uqac.ca/calendrier/wp-content/uploads/2026/04/dec75262-7a40-a70e-fdeb-b829adf43dc9-300x169.png" alt="" width="400" height="225" srcset="https://www.uqac.ca/calendrier/wp-content/uploads/2026/04/dec75262-7a40-a70e-fdeb-b829adf43dc9-300x169.png 300w, https://www.uqac.ca/calendrier/wp-content/uploads/2026/04/dec75262-7a40-a70e-fdeb-b829adf43dc9-1024x576.png 1024w, https://www.uqac.ca/calendrier/wp-content/uploads/2026/04/dec75262-7a40-a70e-fdeb-b829adf43dc9-768x432.png 768w, https://www.uqac.ca/calendrier/wp-content/uploads/2026/04/dec75262-7a40-a70e-fdeb-b829adf43dc9.png 1200w" sizes="auto, (max-width: 400px) 100vw, 400px" /></p>
<p>En plus de mettre en lumière les projets du Pôle, cette nouvelle formule accorde une place privilégiée aux initiatives de nos établissements membres et de nos partenaires en matière de transitions scolaires, afin de favoriser le partage, l’inspiration et les échanges entre les milieux, et ainsi contribuer au développement de pratiques toujours plus porteuses.</p>
<p>Pour plus d&rsquo;information et pour s&rsquo;inscrire : <a href="https://poletransitionseducation.ca/initiatives-regionales/activite-annuelle-2026/">https://poletransitionseducation.ca/initiatives-regionales/activite-annuelle-2026/</a></p>

<p>En plus de mettre en lumière les projets du Pôle, cette nouvelle formule accorde une place privilégiée aux initiatives de nos établissements membres et de nos partenaires en matière de [&hellip;]</p>
