{"id":8247,"date":"2026-02-10T08:58:58","date_gmt":"2026-02-10T13:58:58","guid":{"rendered":"https:\/\/www.uqac.ca\/calendrier\/organisateur\/vice-rectorat-a-lenseignement-a-la-formation-et-a-la-reussite\/"},"modified":"2026-02-10T08:58:58","modified_gmt":"2026-02-10T13:58:58","slug":"vice-rectorat-a-lenseignement-a-la-formation-et-a-la-reussite","status":"publish","type":"tribe_organizer","link":"https:\/\/www.uqac.ca\/calendrier\/organisateur\/vice-rectorat-a-lenseignement-a-la-formation-et-a-la-reussite\/","title":{"rendered":"Vice-rectorat \u00e0 l&rsquo;enseignement, \u00e0 la formation et \u00e0 la r\u00e9ussite"},"content":{"rendered":"","protected":false},"excerpt":{"rendered":"","protected":false},"author":7,"featured_media":0,"template":"","meta":{"_acf_changed":false,"footnotes":""},"class_list":["post-8247","tribe_organizer","type-tribe_organizer","status-publish","hentry"],"acf":[],"_links":{"self":[{"href":"https:\/\/www.uqac.ca\/calendrier\/wp-json\/wp\/v2\/tribe_organizer\/8247","targetHints":{"allow":["GET"]}}],"collection":[{"href":"https:\/\/www.uqac.ca\/calendrier\/wp-json\/wp\/v2\/tribe_organizer"}],"about":[{"href":"https:\/\/www.uqac.ca\/calendrier\/wp-json\/wp\/v2\/types\/tribe_organizer"}],"author":[{"embeddable":true,"href":"https:\/\/www.uqac.ca\/calendrier\/wp-json\/wp\/v2\/users\/7"}],"version-history":[{"count":0,"href":"https:\/\/www.uqac.ca\/calendrier\/wp-json\/wp\/v2\/tribe_organizer\/8247\/revisions"}],"wp:attachment":[{"href":"https:\/\/www.uqac.ca\/calendrier\/wp-json\/wp\/v2\/media?parent=8247"}],"curies":[{"name":"wp","href":"https:\/\/api.w.org\/{rel}","templated":true}]}}

Vice-rectorat à l&rsquo;enseignement, à la formation et à la réussite
