{"id":191,"date":"2020-02-13T15:04:30","date_gmt":"2020-02-13T14:04:30","guid":{"rendered":"http:\/\/www.uqac.ca\/cengivre\/?page_id=191"},"modified":"2023-09-27T21:18:28","modified_gmt":"2023-09-27T19:18:28","slug":"equipements","status":"publish","type":"page","link":"https:\/\/www.uqac.ca\/ciin\/equipements\/","title":{"rendered":"\u00c9quipements"},"content":{"rendered":"<p>Gr\u00e2ce aux subventions de la Fondation Canadienne de l\u2019Innovation (<a href=\"http:\/\/www.innovation.ca\">FCI<\/a> ), du gouvernement du Qu\u00e9bec et de l\u2019UQAC, la chaire a fait l&rsquo;acquisition d&rsquo;un certain nombre d&rsquo;\u00e9quipements, dont les plus importants sont:<\/p>\n<p>&nbsp;<\/p>\n<p>La chaire a aussi l\u2019opportunit\u00e9 de pouvoir b\u00e9n\u00e9ficier de l\u2019acc\u00e8s \u00e0 diverses ressources disponibles \u00e0 l&rsquo;UQAC. En effet, des \u00e9quipements additionnels sont disponibles au laboratoire haute tension du Centre International d&rsquo;Ing\u00e9nierie Nordique (<a href=\"http:\/\/www.cengivre.ca\">CIIN<\/a>), l\u2019un des plus grand en importance au niveau des universit\u00e9s canadiennes, ainsi que dans d&rsquo;autres laboratoires\/centres de recherche, par exemple :<br \/>\no La <a href=\"http:\/\/www.cigele.ca\">CIGELE\/INGIVRE<\/a>\u00a0 pour les installations \u00e0 Haute Tension (Transformateurs de 350 kV et 120 kV, syst\u00e8me impulsionnel modulaire jusqu\u2019\u00e0 200 kV, G\u00e9n\u00e9rateur d\u2019impulsions de foudre : 800 kV @ 60 kJ, Cam\u00e9ra infra-rouge, cam\u00e9ra UV : CoroCam IV, Cam\u00e9ra image\/image \u00e0 ultra haute vitesse : Imacon 200, spectrographe, AFM)<\/p>\n<ul>\n<li>Les laboratoires de chimie (HPLC, spectrophotom\u00e8tres infrarouge)<\/li>\n<li>Le CURAL et le LIMA pour des tests combin\u00e9s \u00e9lectrique et m\u00e9caniques (tensile strength, interfacial tension, DSC,\u2026).<\/li>\n<\/ul>\n","protected":false},"excerpt":{"rendered":"<p>Gr\u00e2ce aux subventions de la Fondation Canadienne de l\u2019Innovation (FCI ), du gouvernement du Qu\u00e9bec et de l\u2019UQAC, la chaire a fait l&rsquo;acquisition d&rsquo;un certain nombre d&rsquo;\u00e9quipements, dont les plus importants sont: &nbsp; La chaire a aussi l\u2019opportunit\u00e9 de pouvoir b\u00e9n\u00e9ficier de l\u2019acc\u00e8s \u00e0 diverses ressources disponibles \u00e0 l&rsquo;UQAC. En effet, des \u00e9quipements additionnels sont [&hellip;]<\/p>\n","protected":false},"author":1,"featured_media":0,"parent":0,"menu_order":0,"comment_status":"closed","ping_status":"closed","template":"","meta":{"_acf_changed":false,"footnotes":""},"acf":[],"_links":{"self":[{"href":"https:\/\/www.uqac.ca\/ciin\/wp-json\/wp\/v2\/pages\/191"}],"collection":[{"href":"https:\/\/www.uqac.ca\/ciin\/wp-json\/wp\/v2\/pages"}],"about":[{"href":"https:\/\/www.uqac.ca\/ciin\/wp-json\/wp\/v2\/types\/page"}],"author":[{"embeddable":true,"href":"https:\/\/www.uqac.ca\/ciin\/wp-json\/wp\/v2\/users\/1"}],"replies":[{"embeddable":true,"href":"https:\/\/www.uqac.ca\/ciin\/wp-json\/wp\/v2\/comments?post=191"}],"version-history":[{"count":3,"href":"https:\/\/www.uqac.ca\/ciin\/wp-json\/wp\/v2\/pages\/191\/revisions"}],"predecessor-version":[{"id":491,"href":"https:\/\/www.uqac.ca\/ciin\/wp-json\/wp\/v2\/pages\/191\/revisions\/491"}],"wp:attachment":[{"href":"https:\/\/www.uqac.ca\/ciin\/wp-json\/wp\/v2\/media?parent=191"}],"curies":[{"name":"wp","href":"https:\/\/api.w.org\/{rel}","templated":true}]}}