{"id":12,"date":"2013-05-15T15:35:30","date_gmt":"2013-05-15T19:35:30","guid":{"rendered":"http:\/\/www.uqac.ca\/ccoe\/?page_id=12"},"modified":"2026-04-13T11:48:49","modified_gmt":"2026-04-13T15:48:49","slug":"diagram4-4","status":"publish","type":"page","link":"https:\/\/www.uqac.ca\/cvf\/diagram4-4\/","title":{"rendered":"DIAGRAM-4.4"},"content":{"rendered":"<h2>Qu&rsquo;est-ce que le test diagnostique DIAGRAM-4.4?<\/h2>\n<p>\u00c0 la fin du mois d&rsquo;avril, les personnes nouvellement inscrites (cohorte 2026) \u00e0 un programme de formation en enseignement re\u00e7oivent, \u00e0 leur adresse UQAC et \u00e0 leur adresse personnelle, un courriel de convocation \u00e0 un test diagnostique de fran\u00e7ais \u00e9crit, DIAGRAM-4.4. Toutes les informations concernant la date et le lieu du test sont indiqu\u00e9es dans ce courriel.<\/p>\n<p>DIAGRAM-4.4 est utilis\u00e9 comme \u00e9preuve diagnostique pour \u00e9valuer les mesures d\u2019aide en fran\u00e7ais destin\u00e9es aux \u00e9tudiantes et aux \u00e9tudiants avant leur passation du Test de certification en fran\u00e7ais \u00e9crit pour l\u2019enseignement (TECF\u00c9E), qui se tiendra \u00e0 la fin de leur premi\u00e8re ann\u00e9e d\u2019\u00e9tudes.<\/p>\n","protected":false},"excerpt":{"rendered":"<p>Qu&rsquo;est-ce que le test diagnostique DIAGRAM-4.4? \u00c0 la fin du mois d&rsquo;avril, les personnes nouvellement inscrites (cohorte 2026) \u00e0 un programme de formation en enseignement re\u00e7oivent, \u00e0 leur adresse UQAC et \u00e0 leur adresse personnelle, un courriel de convocation \u00e0 un test diagnostique de fran\u00e7ais \u00e9crit, DIAGRAM-4.4. Toutes les informations concernant la date et le [&hellip;]<\/p>\n","protected":false},"author":1,"featured_media":0,"parent":0,"menu_order":0,"comment_status":"closed","ping_status":"open","template":"","meta":{"_acf_changed":false,"footnotes":""},"domaine":[],"acf":[],"_links":{"self":[{"href":"https:\/\/www.uqac.ca\/cvf\/wp-json\/wp\/v2\/pages\/12"}],"collection":[{"href":"https:\/\/www.uqac.ca\/cvf\/wp-json\/wp\/v2\/pages"}],"about":[{"href":"https:\/\/www.uqac.ca\/cvf\/wp-json\/wp\/v2\/types\/page"}],"author":[{"embeddable":true,"href":"https:\/\/www.uqac.ca\/cvf\/wp-json\/wp\/v2\/users\/1"}],"replies":[{"embeddable":true,"href":"https:\/\/www.uqac.ca\/cvf\/wp-json\/wp\/v2\/comments?post=12"}],"version-history":[{"count":50,"href":"https:\/\/www.uqac.ca\/cvf\/wp-json\/wp\/v2\/pages\/12\/revisions"}],"predecessor-version":[{"id":1072,"href":"https:\/\/www.uqac.ca\/cvf\/wp-json\/wp\/v2\/pages\/12\/revisions\/1072"}],"wp:attachment":[{"href":"https:\/\/www.uqac.ca\/cvf\/wp-json\/wp\/v2\/media?parent=12"}],"wp:term":[{"taxonomy":"domaine","embeddable":true,"href":"https:\/\/www.uqac.ca\/cvf\/wp-json\/wp\/v2\/domaine?post=12"}],"curies":[{"name":"wp","href":"https:\/\/api.w.org\/{rel}","templated":true}]}}

<h2>Qu&rsquo;est-ce que le test diagnostique DIAGRAM-4.4?</h2>
<p>À la fin du mois d&rsquo;avril, les personnes nouvellement inscrites (cohorte 2026) à un programme de formation en enseignement reçoivent, à leur adresse UQAC et à leur adresse personnelle, un courriel de convocation à un test diagnostique de français écrit, DIAGRAM-4.4. Toutes les informations concernant la date et le lieu du test sont indiquées dans ce courriel.</p>
<p>DIAGRAM-4.4 est utilisé comme épreuve diagnostique pour évaluer les mesures d’aide en français destinées aux étudiantes et aux étudiants avant leur passation du Test de certification en français écrit pour l’enseignement (TECFÉE), qui se tiendra à la fin de leur première année d’études.</p>

<p>Qu&rsquo;est-ce que le test diagnostique DIAGRAM-4.4? À la fin du mois d&rsquo;avril, les personnes nouvellement inscrites (cohorte 2026) à un programme de formation en enseignement reçoivent, à leur adresse UQAC et à leur adresse personnelle, un courriel de convocation à un test diagnostique de français écrit, DIAGRAM-4.4. Toutes les informations concernant la date et le [&hellip;]</p>
