{"id":17,"date":"2013-05-15T15:38:43","date_gmt":"2013-05-15T19:38:43","guid":{"rendered":"http:\/\/www.uqac.ca\/ccoe\/?page_id=17"},"modified":"2026-03-24T10:08:43","modified_gmt":"2026-03-24T14:08:43","slug":"tecfee-modalites-dapplication","status":"publish","type":"page","link":"https:\/\/www.uqac.ca\/cvf\/tecfee-modalites-dapplication\/","title":{"rendered":"TECF\u00c9E &#8211; Modalit\u00e9s d&rsquo;application"},"content":{"rendered":"<p style=\"text-align: justify\"><strong>\u00a0Adoption d\u2019un test unique<\/strong><\/p>\n<p style=\"text-align: justify\">\u00ab\u00a0<em>Le Test de certification en fran\u00e7ais \u00e9crit pour l\u2019enseignement<\/em>\u00a0(TECF\u00c9E) est l\u2019instrument unique pour attester la ma\u00eetrise du fran\u00e7ais \u00e9crit chez des enseignantes et des enseignants en exercice ou en formation initiale \u00e0 l\u2019enseignement [\u2026]. Le MELS le reconna\u00eet comme le test unique de certification en fran\u00e7ais \u00e9crit pour l\u2019enseignement aux fins de d\u00e9livrance des autorisations d\u2019enseigner.\u00a0\u00bb<\/p>\n<p>(Source :<em>\u00a0Politique et modalit\u00e9s relatives au TECF\u00c9E<\/em>\u00a0(AD\u00c9REQ), 14 avril 2009)<\/p>\n<p><strong>Modalit\u00e9s d\u2019application, UQAC (juin 2012, ao\u00fbt 2015, juin 2018, mai 2023)<\/strong><\/p>\n<p style=\"text-align: justify\">Mesures en vigueur pour TOUS les \u00e9tudiants des programmes en enseignement (\u00e0 partir de la cohorte 2008) en conformit\u00e9 avec la <em>Proc\u00e9dure relative \u00e0 l\u2019\u00e9valuation de la qualit\u00e9 du<\/em> <em>fran\u00e7ais \u00e9crit dans les programmes en enseignement<\/em> (CAD-9847).<\/p>\n<p>&nbsp;<\/p>\n","protected":false},"excerpt":{"rendered":"<p>\u00a0Adoption d\u2019un test unique \u00ab\u00a0Le Test de certification en fran\u00e7ais \u00e9crit pour l\u2019enseignement\u00a0(TECF\u00c9E) est l\u2019instrument unique pour attester la ma\u00eetrise du fran\u00e7ais \u00e9crit chez des enseignantes et des enseignants en exercice ou en formation initiale \u00e0 l\u2019enseignement [\u2026]. Le MELS le reconna\u00eet comme le test unique de certification en fran\u00e7ais \u00e9crit pour l\u2019enseignement aux fins [&hellip;]<\/p>\n","protected":false},"author":1,"featured_media":0,"parent":0,"menu_order":0,"comment_status":"closed","ping_status":"open","template":"","meta":{"_acf_changed":false,"footnotes":""},"domaine":[],"acf":[],"_links":{"self":[{"href":"https:\/\/www.uqac.ca\/cvf\/wp-json\/wp\/v2\/pages\/17"}],"collection":[{"href":"https:\/\/www.uqac.ca\/cvf\/wp-json\/wp\/v2\/pages"}],"about":[{"href":"https:\/\/www.uqac.ca\/cvf\/wp-json\/wp\/v2\/types\/page"}],"author":[{"embeddable":true,"href":"https:\/\/www.uqac.ca\/cvf\/wp-json\/wp\/v2\/users\/1"}],"replies":[{"embeddable":true,"href":"https:\/\/www.uqac.ca\/cvf\/wp-json\/wp\/v2\/comments?post=17"}],"version-history":[{"count":28,"href":"https:\/\/www.uqac.ca\/cvf\/wp-json\/wp\/v2\/pages\/17\/revisions"}],"predecessor-version":[{"id":56,"href":"https:\/\/www.uqac.ca\/cvf\/wp-json\/wp\/v2\/pages\/17\/revisions\/56"}],"wp:attachment":[{"href":"https:\/\/www.uqac.ca\/cvf\/wp-json\/wp\/v2\/media?parent=17"}],"wp:term":[{"taxonomy":"domaine","embeddable":true,"href":"https:\/\/www.uqac.ca\/cvf\/wp-json\/wp\/v2\/domaine?post=17"}],"curies":[{"name":"wp","href":"https:\/\/api.w.org\/{rel}","templated":true}]}}

TECFÉE &#8211; Modalités d&rsquo;application

<p style="text-align: justify"><strong> Adoption d’un test unique</strong></p>
<p style="text-align: justify">« <em>Le Test de certification en français écrit pour l’enseignement</em> (TECFÉE) est l’instrument unique pour attester la maîtrise du français écrit chez des enseignantes et des enseignants en exercice ou en formation initiale à l’enseignement […]. Le MELS le reconnaît comme le test unique de certification en français écrit pour l’enseignement aux fins de délivrance des autorisations d’enseigner. »</p>
<p>(Source :<em> Politique et modalités relatives au TECFÉE</em> (ADÉREQ), 14 avril 2009)</p>
<p><strong>Modalités d’application, UQAC (juin 2012, août 2015, juin 2018, mai 2023)</strong></p>
<p style="text-align: justify">Mesures en vigueur pour TOUS les étudiants des programmes en enseignement (à partir de la cohorte 2008) en conformité avec la <em>Procédure relative à l’évaluation de la qualité du</em> <em>français écrit dans les programmes en enseignement</em> (CAD-9847).</p>
<p>&nbsp;</p>

<p> Adoption d’un test unique « Le Test de certification en français écrit pour l’enseignement (TECFÉE) est l’instrument unique pour attester la maîtrise du français écrit chez des enseignantes et des enseignants en exercice ou en formation initiale à l’enseignement […]. Le MELS le reconnaît comme le test unique de certification en français écrit pour l’enseignement aux fins [&hellip;]</p>
