{"id":147,"date":"2019-01-30T11:04:41","date_gmt":"2019-01-30T16:04:41","guid":{"rendered":"http:\/\/www.uqac.ca\/farzaneh\/?page_id=147"},"modified":"2019-01-30T11:28:49","modified_gmt":"2019-01-30T16:28:49","slug":"jiang","status":"publish","type":"page","link":"https:\/\/www.uqac.ca\/farzaneh\/laureats-precedents\/jiang\/","title":{"rendered":"Xingliang Jiang, Ph.D."},"content":{"rendered":"<hr \/>\n<p>Pour ses contributions \u00e0 l\u2019enseignement<br \/>\net \u00e0 la compr\u00e9hension des effets du givrage<br \/>\nsur les \u00e9quipements des r\u00e9seaux \u00e9lectriques<br \/>\n\u00e0 extra et ultra haute tension<\/p>\n<hr \/>\n<p>Xingliang Jiang est professeur \u00e0 l\u2019\u00c9cole de g\u00e9nie \u00e9lectrique de l\u2019Universit\u00e9 de Chongqing depuis 2001. Apr\u00e8s avoir compl\u00e9t\u00e9 son baccalaur\u00e9at en g\u00e9nie \u00e9lectrique \u00e0 l\u2019Universit\u00e9 de Hunan en 1982, il a travaill\u00e9 dans l\u2019industrie pendant trois ans. Par la suite, il a poursuivi ses \u00e9tudes \u00e0 l\u2019Universit\u00e9 de Chongqing, o\u00f9 il a obtenu sa ma\u00eetrise et son doctorat en 1988 et 1997.<br \/>\nLe Dr. Jiang a dirig\u00e9 plusieurs projets de recherche sur le givrage des \u00e9quipements des r\u00e9seaux \u00e9lectriques et sur des techniques de d\u00e9gla\u00e7age et de pr\u00e9vention des accumulations de glace, \u00e0 l\u2019Institut de recherche sur la haute tension de Wuhan, tout en collaborant avec le professeur Farzaneh sur divers projets pendant une vingtaine d\u2019ann\u00e9es.<br \/>\nDe concert avec son \u00e9quipe de recherche et de ses nombreux collaborateurs, il a \u00e9t\u00e9 en mesure de mettre sur pied des laboratoires de recherche et de r\u00e9aliser des \u00e9tudes fondamentales sur l\u2019influence des temp\u00eates de verglas sur les lignes a\u00e9riennes de transport de l\u2019\u00e9nergie \u00e9lectrique. En association avec le professeur<br \/>\nFarzaneh, la Fondation nationale pour la science de la Chine lui a r\u00e9cemment confi\u00e9 la responsabilit\u00e9 d\u2019un important et prestigieux projet sur la performance de cha\u00eenes d\u2019isolateurs en courant continu \u00e0 extra et ultra haute tension. Il est \u00e9galement un auteur prolifique, ayant publi\u00e9 deux monographies et plus de 280 articles scientifiques arbitr\u00e9s.<br \/>\nDe plus, le professeur Jiang est fortement impliqu\u00e9 au sein d\u2019organismes normatifs.\u00a0En particulier, il est pr\u00e9sident adjoint du Comit\u00e9 des normes technologiques\u00a0environnementales pour les produits \u00e9lectriques de Chine, et il est responsable\u00a0de la r\u00e9vision et de l\u2019\u00e9laboration des normes industrielles nationales. Ses r\u00e9alisations<br \/>\net contributions ont \u00e9t\u00e9 reconnues par sa s\u00e9lection parmi les personnes\u00a0les plus talentueuses de Chongqing sur le plan acad\u00e9mique, par l\u2019obtention\u00a0d\u2019indemnit\u00e9s particuli\u00e8res au m\u00e9rite de la part du gouvernement chinois, et pour\u00a0avoir \u00e9t\u00e9 laur\u00e9at du convoit\u00e9 Prix national de la science et de la technologie, \u00e0\u00a0trois reprises.<\/p>\n","protected":false},"excerpt":{"rendered":"<p>Pour ses contributions \u00e0 l\u2019enseignement et \u00e0 la compr\u00e9hension des effets du givrage sur les \u00e9quipements des r\u00e9seaux \u00e9lectriques \u00e0 extra et ultra haute tension Xingliang Jiang est professeur \u00e0 l\u2019\u00c9cole de g\u00e9nie \u00e9lectrique de l\u2019Universit\u00e9 de Chongqing depuis 2001. Apr\u00e8s avoir compl\u00e9t\u00e9 son baccalaur\u00e9at en g\u00e9nie \u00e9lectrique \u00e0 l\u2019Universit\u00e9 de Hunan en 1982, il &hellip; <a href=\"https:\/\/www.uqac.ca\/farzaneh\/laureats-precedents\/jiang\/\" class=\"more-link\">Continuer la lecture de <span class=\"screen-reader-text\">Xingliang Jiang, Ph.D.<\/span>  <span class=\"meta-nav\">&rarr;<\/span><\/a><\/p>\n","protected":false},"author":1,"featured_media":152,"parent":39,"menu_order":0,"comment_status":"closed","ping_status":"closed","template":"","meta":{"footnotes":""},"_links":{"self":[{"href":"https:\/\/www.uqac.ca\/farzaneh\/wp-json\/wp\/v2\/pages\/147"}],"collection":[{"href":"https:\/\/www.uqac.ca\/farzaneh\/wp-json\/wp\/v2\/pages"}],"about":[{"href":"https:\/\/www.uqac.ca\/farzaneh\/wp-json\/wp\/v2\/types\/page"}],"author":[{"embeddable":true,"href":"https:\/\/www.uqac.ca\/farzaneh\/wp-json\/wp\/v2\/users\/1"}],"replies":[{"embeddable":true,"href":"https:\/\/www.uqac.ca\/farzaneh\/wp-json\/wp\/v2\/comments?post=147"}],"version-history":[{"count":4,"href":"https:\/\/www.uqac.ca\/farzaneh\/wp-json\/wp\/v2\/pages\/147\/revisions"}],"predecessor-version":[{"id":157,"href":"https:\/\/www.uqac.ca\/farzaneh\/wp-json\/wp\/v2\/pages\/147\/revisions\/157"}],"up":[{"embeddable":true,"href":"https:\/\/www.uqac.ca\/farzaneh\/wp-json\/wp\/v2\/pages\/39"}],"wp:featuredmedia":[{"embeddable":true,"href":"https:\/\/www.uqac.ca\/farzaneh\/wp-json\/wp\/v2\/media\/152"}],"wp:attachment":[{"href":"https:\/\/www.uqac.ca\/farzaneh\/wp-json\/wp\/v2\/media?parent=147"}],"curies":[{"name":"wp","href":"https:\/\/api.w.org\/{rel}","templated":true}]}}