{"id":275,"date":"2024-06-20T13:35:14","date_gmt":"2024-06-20T17:35:14","guid":{"rendered":"https:\/\/www.uqac.ca\/farzaneh\/?page_id=275"},"modified":"2024-06-20T15:05:34","modified_gmt":"2024-06-20T19:05:34","slug":"igor-gutman-ph-d","status":"publish","type":"page","link":"https:\/\/www.uqac.ca\/farzaneh\/igor-gutman-ph-d\/","title":{"rendered":"Igor Gutman, Ph. D."},"content":{"rendered":"<hr \/>\n<p><strong>Pour sa contribution \u00e0 l&rsquo;am\u00e9lioration de la fiabilit\u00e9 des isolateurs en conditions de givrage et de pollution<\/strong><\/p>\n<hr \/>\n<p>Igor\u00a0Gutman est titulaire d\u2019une ma\u00eetrise et d\u2019un doctorat en ing\u00e9nierie haute tension de l\u2019Universit\u00e9 polytechnique d\u2019\u00c9tat de Leningrad, en Russie, qu\u2019il a respectivement obtenus en\u00a01981 et en\u00a01989. Il a une carri\u00e8re de plus de 40\u00a0ann\u00e9es d\u2019exp\u00e9rience professionnelle en g\u00e9nie \u00e9lectrique, qu\u2019il a d\u00e9but\u00e9e \u00e0 l\u2019Institut de recherche sur le courant continu \u00e0 haute tension de Leningrad, en Russie. Il travaille \u00e9galement \u00e0 l\u2019Institut de d\u00e9veloppement professionnel en g\u00e9nie \u00e9lectrique de Russie comme charg\u00e9 de cours et guide depuis\u00a01992, ainsi que comme conseiller marketing pour le fabricant Composite\u00a0Insulator, en Russie. De\u00a01994 \u00e0\u00a02017, il a travaill\u00e9 pour STRI (en Su\u00e8de) \u00e0 titre d\u2019expert principal en isolation et de directeur de l\u2019isolation. Il a notamment travaill\u00e9 sur l\u2019optimisation de la s\u00e9lection, du dimensionnement et de l\u2019entretien de l\u2019isolation ext\u00e9rieure pour les environnements propres et <strong>pollu\u00e9s (glac\u00e9s)<\/strong>, sur les caract\u00e9ristiques de vieillissement des isolants composites ainsi que sur des tests de vieillissement acc\u00e9l\u00e9r\u00e9 des isolants composites et des techniques diagnostiques pour l\u2019isolation ext\u00e9rieure.<\/p>\n<p>Depuis octobre\u00a02017, il travaille pour l\u2019Independent Insulation\u00a0Group en Su\u00e8de.<\/p>\n<p>Il a publi\u00e9 plus de 280 articles techniques pour des conf\u00e9rences et des revues. Il est membre distingu\u00e9 de la Conf\u00e9rence internationale des grands r\u00e9seaux \u00e9lectriques \u00e0 haute tension (CIGRE), membre du comit\u00e9 technique 36 sur les isolants de l\u2019International Electrotechnical Commission (IEC) en Su\u00e8de, membre \u00e9m\u00e9rite de l\u2019Institute of Electrical and Electronics Engineers (EEEI) et a \u00e9t\u00e9 responsable et membre de plusieurs groupes de travail de la CIGRE pour les sous-comit\u00e9s A3, B2, C4 et D1. Il est responsable de la proposition de nouveau travail 63414 de l\u2019IEC intitul\u00e9e \u00ab Artificial pollution tests on high-voltage insulators made of hydrophobicity transfer materials to be used on a.c. and d.c. systems \u00bb (essais sous pollution artificielle sur isolateurs haute tension en mat\u00e9riaux de transfert d\u2019hydrophobie \u00e0 destination des r\u00e9seaux \u00e0 courant continu et alternatif).<\/p>\n","protected":false},"excerpt":{"rendered":"<p>Pour sa contribution \u00e0 l&rsquo;am\u00e9lioration de la fiabilit\u00e9 des isolateurs en conditions de givrage et de pollution Igor\u00a0Gutman est titulaire d\u2019une ma\u00eetrise et d\u2019un doctorat en ing\u00e9nierie haute tension de l\u2019Universit\u00e9 polytechnique d\u2019\u00c9tat de Leningrad, en Russie, qu\u2019il a respectivement obtenus en\u00a01981 et en\u00a01989. Il a une carri\u00e8re de plus de 40\u00a0ann\u00e9es d\u2019exp\u00e9rience professionnelle en &hellip; <a href=\"https:\/\/www.uqac.ca\/farzaneh\/igor-gutman-ph-d\/\" class=\"more-link\">Continuer la lecture de <span class=\"screen-reader-text\">Igor Gutman, Ph. D.<\/span>  <span class=\"meta-nav\">&rarr;<\/span><\/a><\/p>\n","protected":false},"author":8,"featured_media":277,"parent":0,"menu_order":0,"comment_status":"closed","ping_status":"closed","template":"","meta":{"footnotes":""},"_links":{"self":[{"href":"https:\/\/www.uqac.ca\/farzaneh\/wp-json\/wp\/v2\/pages\/275"}],"collection":[{"href":"https:\/\/www.uqac.ca\/farzaneh\/wp-json\/wp\/v2\/pages"}],"about":[{"href":"https:\/\/www.uqac.ca\/farzaneh\/wp-json\/wp\/v2\/types\/page"}],"author":[{"embeddable":true,"href":"https:\/\/www.uqac.ca\/farzaneh\/wp-json\/wp\/v2\/users\/8"}],"replies":[{"embeddable":true,"href":"https:\/\/www.uqac.ca\/farzaneh\/wp-json\/wp\/v2\/comments?post=275"}],"version-history":[{"count":2,"href":"https:\/\/www.uqac.ca\/farzaneh\/wp-json\/wp\/v2\/pages\/275\/revisions"}],"predecessor-version":[{"id":284,"href":"https:\/\/www.uqac.ca\/farzaneh\/wp-json\/wp\/v2\/pages\/275\/revisions\/284"}],"wp:featuredmedia":[{"embeddable":true,"href":"https:\/\/www.uqac.ca\/farzaneh\/wp-json\/wp\/v2\/media\/277"}],"wp:attachment":[{"href":"https:\/\/www.uqac.ca\/farzaneh\/wp-json\/wp\/v2\/media?parent=275"}],"curies":[{"name":"wp","href":"https:\/\/api.w.org\/{rel}","templated":true}]}}