{"id":25,"date":"2016-06-08T20:07:22","date_gmt":"2016-06-08T19:07:22","guid":{"rendered":"http:\/\/www.uqac.ca\/fouellet\/?page_id=25"},"modified":"2017-02-23T20:17:30","modified_gmt":"2017-02-23T19:17:30","slug":"articles","status":"publish","type":"page","link":"https:\/\/www.uqac.ca\/fouellet\/?page_id=25","title":{"rendered":"Articles"},"content":{"rendered":"<p><a href=\"?page_id=319\">Sur la litt\u00e9rature fran\u00e7aise<\/a><\/p>\n<p><a href=\"?page_id=234\">Sur la litt\u00e9rature qu\u00e9b\u00e9coise<\/a><\/p>\n<p><a href=\"?page_id=324\">Sur la litt\u00e9rature franco-ontarienne<\/a><\/p>\n<p><a href=\"?page_id=327\">Comptes rendus<\/a><\/p>\n<p><a href=\"?page_id=330\">Magazine litt\u00e9raire <em>Nuit Blanche<\/em><\/a><\/p>\n<p><a href=\"?page_id=334\">Blogue Les Ensabl\u00e9s<\/a><\/p>\n<p><a href=\"?page_id=337\">Autres textes<\/a><\/p>\n<p>&nbsp;<\/p>\n<p>&nbsp;<\/p>\n","protected":false},"excerpt":{"rendered":"<p>Sur la litt\u00e9rature fran\u00e7aise Sur la litt\u00e9rature qu\u00e9b\u00e9coise Sur la litt\u00e9rature franco-ontarienne Comptes rendus Magazine litt\u00e9raire Nuit Blanche Blogue Les Ensabl\u00e9s Autres textes &nbsp; &nbsp;<\/p>\n","protected":false},"author":1,"featured_media":0,"parent":0,"menu_order":0,"comment_status":"closed","ping_status":"closed","template":"","meta":{"footnotes":""},"class_list":["post-25","page","type-page","status-publish","hentry"],"_links":{"self":[{"href":"https:\/\/www.uqac.ca\/fouellet\/index.php?rest_route=\/wp\/v2\/pages\/25"}],"collection":[{"href":"https:\/\/www.uqac.ca\/fouellet\/index.php?rest_route=\/wp\/v2\/pages"}],"about":[{"href":"https:\/\/www.uqac.ca\/fouellet\/index.php?rest_route=\/wp\/v2\/types\/page"}],"author":[{"embeddable":true,"href":"https:\/\/www.uqac.ca\/fouellet\/index.php?rest_route=\/wp\/v2\/users\/1"}],"replies":[{"embeddable":true,"href":"https:\/\/www.uqac.ca\/fouellet\/index.php?rest_route=%2Fwp%2Fv2%2Fcomments&post=25"}],"version-history":[{"count":11,"href":"https:\/\/www.uqac.ca\/fouellet\/index.php?rest_route=\/wp\/v2\/pages\/25\/revisions"}],"predecessor-version":[{"id":744,"href":"https:\/\/www.uqac.ca\/fouellet\/index.php?rest_route=\/wp\/v2\/pages\/25\/revisions\/744"}],"wp:attachment":[{"href":"https:\/\/www.uqac.ca\/fouellet\/index.php?rest_route=%2Fwp%2Fv2%2Fmedia&parent=25"}],"curies":[{"name":"wp","href":"https:\/\/api.w.org\/{rel}","templated":true}]}}