{"id":142,"date":"2012-07-16T13:08:29","date_gmt":"2012-07-16T12:08:29","guid":{"rendered":"http:\/\/www.uqac.ca\/grh\/?page_id=142"},"modified":"2013-01-23T22:57:29","modified_gmt":"2013-01-24T03:57:29","slug":"equipes-de-recherche-associees","status":"publish","type":"page","link":"https:\/\/www.uqac.ca\/grh\/equipes-de-recherche-associees\/","title":{"rendered":"\u00c9quipes de recherche associ\u00e9es"},"content":{"rendered":"<p><a href=\"http:\/\/www.ciera.ulaval.ca\/\">Centre interuniversitaire d&rsquo;\u00e9tudes et de recherches autochtones (CI\u00c9RA &#8211; Universit\u00e9 Laval)<\/a><\/p>\n<p><a href=\"http:\/\/www.obsjeunes.qc.ca\/\">Observatoire Jeunes et Soci\u00e9t\u00e9 (INRS &#8211; Culture et Soci\u00e9t\u00e9)<\/a><\/p>\n<p><a href=\"http:\/\/www.gitpa.org\/\">GITPA (Groupe international de travail pour les peuples autochtones<\/a>)<\/p>\n<p>Le Groupe de recherche sur l&rsquo;Histoire de l&rsquo;UQAC collabore avec Les Classiques des sciences sociales de l\u2019Universit\u00e9 du Qu\u00e9bec \u00e0 Chicoutimi : <a href=\"http:\/\/classiques.uqac.ca\" target=\"_blank\">http:\/\/classiques.uqac.ca<\/a><\/p>\n","protected":false},"excerpt":{"rendered":"<p>Centre interuniversitaire d&rsquo;\u00e9tudes et de recherches autochtones (CI\u00c9RA &#8211; Universit\u00e9 Laval) Observatoire Jeunes et Soci\u00e9t\u00e9 (INRS &#8211; Culture et Soci\u00e9t\u00e9) GITPA (Groupe international de travail pour les peuples autochtones) Le Groupe de recherche sur l&rsquo;Histoire de l&rsquo;UQAC collabore avec Les &hellip; <a href=\"https:\/\/www.uqac.ca\/grh\/equipes-de-recherche-associees\/\">Continuer la lecture <span class=\"meta-nav\">&rarr;<\/span><\/a><\/p>\n","protected":false},"author":2,"featured_media":0,"parent":0,"menu_order":0,"comment_status":"closed","ping_status":"open","template":"","meta":{"footnotes":""},"_links":{"self":[{"href":"https:\/\/www.uqac.ca\/grh\/wp-json\/wp\/v2\/pages\/142"}],"collection":[{"href":"https:\/\/www.uqac.ca\/grh\/wp-json\/wp\/v2\/pages"}],"about":[{"href":"https:\/\/www.uqac.ca\/grh\/wp-json\/wp\/v2\/types\/page"}],"author":[{"embeddable":true,"href":"https:\/\/www.uqac.ca\/grh\/wp-json\/wp\/v2\/users\/2"}],"replies":[{"embeddable":true,"href":"https:\/\/www.uqac.ca\/grh\/wp-json\/wp\/v2\/comments?post=142"}],"version-history":[{"count":10,"href":"https:\/\/www.uqac.ca\/grh\/wp-json\/wp\/v2\/pages\/142\/revisions"}],"predecessor-version":[{"id":149,"href":"https:\/\/www.uqac.ca\/grh\/wp-json\/wp\/v2\/pages\/142\/revisions\/149"}],"wp:attachment":[{"href":"https:\/\/www.uqac.ca\/grh\/wp-json\/wp\/v2\/media?parent=142"}],"curies":[{"name":"wp","href":"https:\/\/api.w.org\/{rel}","templated":true}]}}