{"id":22,"date":"2012-07-04T19:22:34","date_gmt":"2012-07-04T18:22:34","guid":{"rendered":"http:\/\/www.uqac.ca\/grh\/?page_id=22"},"modified":"2014-04-15T15:53:09","modified_gmt":"2014-04-15T19:53:09","slug":"international","status":"publish","type":"page","link":"https:\/\/www.uqac.ca\/grh\/international\/","title":{"rendered":"International"},"content":{"rendered":"<h3 align=\"left\"><strong>Mexico 2013<\/strong><\/h3>\n<h3 align=\"left\">Colloque international Qu\u00e9bec-M\u00e9xico: d\u00e9veloppement r\u00e9gional et d\u00e9sastres naturels (GRH-UQAC et l&rsquo;universit\u00e9 de Tabasco, M\u00e9xico (2013)<\/h3>\n<h3 align=\"left\"><a href=\"https:\/\/www.uqac.ca\/grh\/wp-content\/uploads\/2012\/07\/PosterColoquioQcTabascoMexicoMai2013.pdf\">PosterColoquioQcTabascoMexicoMai2013<\/a><\/h3>\n<p>Programmation (au 25 mars 2013)<\/p>\n<h3 align=\"left\"><a href=\"https:\/\/www.uqac.ca\/grh\/wp-content\/uploads\/2012\/07\/coloquioInternationalUQACTabascoMexico.pdf\">coloquioInternationalUQAC:TabascoMexico<\/a><\/h3>\n<h3 align=\"left\"><span style=\"font-family: Verdana; font-size: x-large;\"><strong>Mexico 2010-2011<\/strong><\/span><\/h3>\n<h4>Programmation des conf\u00e9rences :<\/h4>\n<h4><a href=\"https:\/\/www.uqac.ca\/grh\/wp-content\/uploads\/2012\/07\/UQAC-Mexico-2011.pdf\">UQAC Mexico 2011<\/a> &amp; <a href=\"https:\/\/www.uqac.ca\/grh\/wp-content\/uploads\/2012\/07\/7fevPrograma_COLOQUIO_v_0220113.pdf\">Coloquio Internacional Qu\u00e9bec-M\u00e9xico Desarrollo Regional, Nuevos Actores y Espacios P\u00fablicos, 22 y 23 de marzo de 2011<\/a>.<\/h4>\n<p>&nbsp;<\/p>\n<p align=\"left\"><span style=\"font-family: Verdana; font-size: x-large;\"><strong>MEXICO 2009<\/strong><\/span><\/p>\n<p align=\"left\"><a href=\"https:\/\/www.uqac.ca\/grh\/wp-content\/uploads\/2012\/07\/Programa-Coloquio-2009Final.pdf\">Program Coloquio 2009<\/a><\/p>\n<h3 align=\"left\"><span style=\"font-family: Verdana; font-size: x-large;\"><strong>Br\u00e9sil-Mexico 2007<\/strong><\/span><\/h3>\n<p align=\"left\"><a href=\"https:\/\/www.uqac.ca\/grh\/wp-content\/uploads\/2012\/07\/Conf.Mexico.07.QC_.Ca_1.pdf\">Programmation Cycle de conf\u00e9rences<\/a><\/p>\n<p align=\"left\"><a href=\"https:\/\/www.uqac.ca\/grh\/wp-content\/uploads\/2012\/07\/RapConfBrMexNov07.pdf\">Rapport d&rsquo;activit\u00e9s : Cycle de conf\u00e9rences Br\u00e9sil-Mexico (novembre 2007)<\/a><\/p>\n<h1><strong>Qu\u00e9bec \/ Br\u00e9sil 2007: Universit\u00e9 Qu\u00e9bec-Chicoutimi et Universidade de Santa Cruz de Sul (Br\u00e9sil). <\/strong><span style=\"font-family: Verdana;\"><a href=\"https:\/\/www.uqac.ca\/grh\/wp-content\/uploads\/2012\/07\/Santa-Cruz-2007.pdf\">Itin\u00e9raire et programmation<\/a><\/span><\/h1>\n<h4><a href=\"https:\/\/www.uqac.ca\/grh\/wp-content\/uploads\/2012\/07\/Mingan15mai2007.pdf\">Rencontres Essipit \/ Ekuanitshit (Mingan, Qu\u00e9bec). Rencontre publique : universit\u00e9-communaut\u00e9. Th\u00e8me : Jeunes et Premi\u00e8res Nations Qu\u00e9bec-Br\u00e9sil, mai 2007<\/a>.<\/h4>\n<p>&nbsp;<\/p>\n<h3 align=\"left\"><span style=\"font-family: Verdana; font-size: x-large;\"><strong>Br\u00e9sil 2006<\/strong><\/span><\/h3>\n<p align=\"left\"><a href=\"https:\/\/www.uqac.ca\/grh\/wp-content\/uploads\/2012\/07\/Projet-ethnohistoire.pdf\">UNIVERSIDADE DE SANTA CRUZ DO SUL, PR\u00d3-REITORIA DE PESQUISA E P\u00d3S-GRADUA\u00c7\u00c3O, COORDENA\u00c7\u00c3O DE PESQUISA, FUNDO DE APOIO \u00c0 PESQUISA &#8211; FAP, ALIAN\u00c7AS INTERCULTURAIS NO NOVO MUNDO : UM ESTUDO COMPARATIVO ENTRE A NOVA FRAN\u00c7A E A NOVA LUSIT\u00c2NIA<\/a> \/ Silvio Marcus de Souza Correa (UNISC), Camil Girard (UQAC), Hist\u00f3ria : Cultura &amp; Sociedade, 2006, 29 p.<\/p>\n<h3 align=\"left\"><\/h3>\n<h3 align=\"left\"><span style=\"font-family: Verdana; font-size: x-large;\"><strong>Mexico 2006<\/strong><\/span><\/h3>\n<p><a href=\"https:\/\/www.uqac.ca\/grh\/wp-content\/uploads\/2012\/07\/20060530_conf_mexico.pdf\">Conf\u00e9rences Oaxaca, Mexico, 30-31 mai 2006. En collaboration avec Mme Serena Er\u00e9ndira Serrano Oswald (doctorante en anthropologie et traductrice \u00e0 Oaxaca). Collaborations Universit\u00e9s Oaxaca et la communaut\u00e9 autochtone de San Mart\u00edn Tilcajete, Oaxaca.<\/a><\/p>\n<p><a href=\"https:\/\/www.uqac.ca\/grh\/wp-content\/uploads\/2012\/07\/coll.international063.pdf\">Coloquio Internacional. Problemas de inserci\u00f3n social de j\u00f3venes en Am\u00e9rica. Escuela Nacional de Trabajo Social UNAM. 6-7 de junio de 2006<\/a>.<\/p>\n<p><span style=\"font-family: Verdana, Arial, Helvetica, sans-serif; font-size: small;\"><a href=\"https:\/\/www.uqac.ca\/grh\/wp-content\/uploads\/2012\/07\/conf.rencontres067.pdf\">Conf\u00e9rence et rencontres avec des communaut\u00e9s autochtones (ville de Mexico) 9-10 juin 2006. Avec la collaboration de : Equidad y Desarrollo social, Universidad de la Ciudad de M\u00e9xico<\/a>.<\/span><\/p>\n<address style=\"text-align: center;\"><span style=\"color: #ff0000; font-family: Verdana, Arial, Helvetica, sans-serif; font-size: xx-large;\">*<\/span><span style=\"font-family: Verdana, Arial, Helvetica, sans-serif; font-size: small;\"><strong><a href=\"https:\/\/www.uqac.ca\/grh\/wp-content\/uploads\/2012\/07\/Mexico06.rapport.pdf\">ACTIVIT\u00c9S DU 30 MAI AU 10 JUIN 2006<\/a><\/strong><span style=\"color: #ff0000; font-size: xx-large;\">*<br \/>\n<\/span><\/span><\/address>\n<p style=\"text-align: center;\"><strong style=\"letter-spacing: 0.1em; text-transform: uppercase;\">Br\u00e9sil 2005<\/strong><\/p>\n<h3 align=\"left\"><span style=\"color: #000000; font-family: Verdana, Arial, Helvetica, sans-serif; font-size: small;\">Silvio Marcus de Souza Correa, universit\u00e9 Santa Cruz (UNISC)<\/span><span style=\"color: #000000; font-family: Verdana, Arial, Helvetica, sans-serif; font-size: small;\"> (sud du Br\u00e9sil), Camil Girard, universit\u00e9 du Qu\u00e9bec\u2014Chicoutimi (UQAC) : Projet de recherche conjoint sur les alliances luso-indiennes (Portugal) et franco-indiennes aux XVIe et XVIIe si\u00e8cles : <a href=\"http:\/\/wwwens.uqac.ca\/dsh\/\/grh\/Projet%20ethnohistoire.pdf\">Alian\u00e7as interculturais no novo mundo : um estudo comparativo entre a Nova Fran\u00e7a e a Nova Lusit\u00e2nia<\/a>. (Article non disponible)<\/span><\/h3>\n<h3 align=\"left\"><span style=\"color: #000000;\"><span style=\"font-family: Verdana, Arial, Helvetica, sans-serif; font-size: medium;\"><strong>Article en portugais<\/strong><\/span> <span style=\"font-size: medium;\"><strong>en 2005<\/strong><\/span><\/span><span style=\"font-size: medium;\"><strong> :<\/strong><\/span> <em><span style=\"font-family: Verdana, Arial, Helvetica, sans-serif; font-size: small;\"><a href=\"http:\/\/wwwens.uqac.ca\/dsh\/\/grh\/Croissant.htm\">A migra\u00e7\u00e3o dos jovens e o desenvolvimento regional no Qu\u00e9bec<\/a><\/span><\/em><span style=\"font-family: Verdana, Arial, Helvetica, sans-serif; font-size: small;\"><strong>&#8211; Patrice LeBlanc, Camil Girard, Serge C\u00f4t\u00e9, Dominique Potvin. (article non disponible)<\/strong><\/span><\/h3>\n<h3 align=\"left\"><span style=\"font-family: Verdana, Arial, Helvetica, sans-serif; font-size: small;\"><strong> <\/strong><\/span><\/h3>\n<h3 align=\"left\"><\/h3>\n<h3 align=\"left\"><\/h3>\n<h3 align=\"left\"><em><span style=\"font-family: Verdana, Arial, Helvetica, sans-serif; font-size: small;\">&#8211; <\/span><span style=\"color: #000000; font-family: Verdana, Arial, Helvetica, sans-serif; font-size: small;\">Voir carte <em><a href=\"http:\/\/wwwens.uqac.ca\/dsh\/\/grh\/carte%20portugais.pdf\">TR\u00caS REGIOES COMPARADAS<\/a> en PDF. (Article non-disponible)<\/em><\/span><\/em><\/h3>\n<h3 align=\"left\"><\/h3>\n<p><span style=\"font-family: Verdana; font-size: x-large;\"><strong>Mexico 2005<\/strong><\/span><\/p>\n<h3 align=\"left\"><a href=\"https:\/\/www.uqac.ca\/grh\/wp-content\/uploads\/2012\/07\/mexicoconf05.pdf\">Conf\u00e9rence annuelle de la Soci\u00e9t\u00e9 canadienne d&rsquo;anthropologie (CASCA), la Society for Anthropology of North America (SANA) et la Facult\u00e9 des sciences anthropologiques de l&rsquo;universit\u00e9 autonome du Yucatan (UADY) (3 au 8 mai 2005)<\/a>.<\/h3>\n<h3 align=\"left\"><span style=\"font-family: Verdana, Arial, Helvetica, sans-serif; font-size: small;\"><strong><span style=\"text-decoration: underline;\">Conf\u00e9rence<\/span> : <em>Procesos de negociacion de los tratados firmados entre comunidades indigenas de quebec y el Gobierno Federal Canadiense<\/em>, Centro de Investigaciones y Estudios Superiores en Antropologia Social, Juarez num. 87, Col. Tlalpan (Ciesas), 16 mai 2005.<\/strong> <\/span><\/h3>\n<h3 align=\"left\"><span style=\"font-family: Verdana, Arial, Helvetica, sans-serif; font-size: small;\"><a href=\"https:\/\/www.uqac.ca\/grh\/wp-content\/uploads\/2012\/07\/seminario-20051.jpeg\"><img loading=\"lazy\" decoding=\"async\" class=\"aligncenter size-full wp-image-570\" title=\"seminario 2005\" alt=\"\" src=\"https:\/\/www.uqac.ca\/grh\/wp-content\/uploads\/2012\/07\/seminario-20051.jpeg\" width=\"1020\" height=\"1659\" srcset=\"https:\/\/www.uqac.ca\/grh\/wp-content\/uploads\/2012\/07\/seminario-20051.jpeg 1020w, https:\/\/www.uqac.ca\/grh\/wp-content\/uploads\/2012\/07\/seminario-20051-184x300.jpeg 184w, https:\/\/www.uqac.ca\/grh\/wp-content\/uploads\/2012\/07\/seminario-20051-629x1024.jpeg 629w\" sizes=\"(max-width: 1020px) 100vw, 1020px\" \/><\/a><\/span><\/h3>\n<h3 align=\"left\"><span style=\"font-family: Verdana; font-size: x-large;\"><strong>Mexico 2003-2004<\/strong><\/span><\/h3>\n<h3 align=\"left\"><a href=\"http:\/\/wwwens.uqac.ca\/dsh\/\/grh\/Rapport.Activites.Mexico.2004\">Bilan d&rsquo;activit\u00e9s-Mexico 2004<\/a><\/h3>\n<h4><span style=\"font-family: Verdana, Arial, Helvetica, sans-serif; font-size: small;\">Photos : Rencontres des repr\u00e9sentants qu\u00e9b\u00e9cois avec Rigoberta Menchu, autochtone Quich\u00e9 (Maya) du Guat\u00e9mala, prix Nobel de la Paix 1992 et dr Rodolfo Stavenhagen, commission sur les peuples autochtones (ONU), Yautepec, Mexico 2004. <a href=\"https:\/\/www.uqac.ca\/grh\/wp-content\/uploads\/2012\/07\/PhotosMexico20041.ppt\">S&rsquo;ouvre avec Power Point<\/a>.<\/span><\/h4>\n<h4><\/h4>\n<p>&nbsp;<\/p>\n<h4><span style=\"font-family: Verdana; font-size: medium;\">Conf\u00e9rences<\/span><\/h4>\n<h3 align=\"left\"><span style=\"font-family: Verdana; font-size: small;\"><a href=\"https:\/\/www.uqac.ca\/grh\/wp-content\/uploads\/2012\/07\/Art.Espagnol1.pdf\">Mexico (yautepec, morelos) (latin american council of peace research (claip) mars 2004) : camil girard. Acercamiento HIST\u00d3RICO A LOS PUEBLOS AUT\u00d3CTONOS EN CANAD\u00c1 : TERRITORIO Y AUTONOM\u00cdA GUBERNAMENTAL DE LOS INNUES MONTA\u00d1ESES DEL NORDESTE DE QU\u00c9BEC DESDE 1603 A NUESTROS D\u00cdAS<\/a>, 27 p.<\/span><\/h3>\n<h3 align=\"left\"><a href=\"http:\/\/wwwens.uqac.ca\/dsh\/\/grh\/MexicoPrograma.CLAIP04\">Programme<\/a> et r\u00e9sum\u00e9s : (<a href=\"http:\/\/wwwens.uqac.ca\/dsh\/\/grh\/Camil%20Girard.04\">Camil Girard<\/a>, <a href=\"http:\/\/wwwens.uqac.ca\/dsh\/\/grh\/Gill.Lise.%20Yautepec\">Lise Gill<\/a>).<\/h3>\n<h1 align=\"left\"><strong><a href=\"https:\/\/www.uqac.ca\/grh\/wp-content\/uploads\/2012\/07\/Conf.Mexico.04.QC_.Ca_1.pdf\"><em>Reconnaissance historique des peuples autochtones au Canada : Territoire et autonomie gouvernementale chez les Innus (Montagnais) du nord-est du Qu\u00e9bec de 1603 \u00e0 nos jours.<\/em> <\/a><\/strong><\/h1>\n<p align=\"left\">Pr\u00e9sentation Power Point : <strong><a href=\"https:\/\/www.uqac.ca\/grh\/wp-content\/uploads\/2012\/07\/Mexico04.ppt\">Droits ancestraux et histoire commune. Les Innus\/Montagnais Qu\u00e9bec (Nord-Est)<\/a>.<\/strong><\/p>\n<p align=\"left\"><a href=\"http:\/\/wwwens.uqac.ca\/dsh\/\/grh\/Fem.aut.Mexico\"><strong><\/strong><strong>Les femmes autochtones mexicaines : des changements \u00e9ph\u00e9m\u00e8res?<\/strong><\/a> (Article non disponible)<\/p>\n<p align=\"left\"><strong>Universit\u00e9 de Guadalajara, Mexico (Groupe de recherche sur la migration des jeunes \u2013 Qu\u00e9bec-Mexico : Camil Girard, UQAC, INRS-Culture, <em>Premier regard sur la migration des jeunes autochtones au Qu\u00e9bec, 12 d\u00e9cembre 2003.<\/em><\/strong><\/p>\n<p align=\"left\"><span style=\"font-family: Verdana; font-size: x-large;\"><strong>France 2004<\/strong><\/span><\/p>\n<p align=\"left\"><strong>Tours (Universit\u00e9) (Association internationale des sociologues de langue fran\u00e7aise \u2013 AISLF)<\/strong><\/p>\n<p align=\"left\"><strong><\/strong> <a href=\"https:\/\/www.uqac.ca\/grh\/wp-content\/uploads\/2012\/07\/Tours-Mig.ppt\">Pr\u00e9sentation Power Point<\/a>.<\/p>\n","protected":false},"excerpt":{"rendered":"<p>Mexico 2013 Colloque international Qu\u00e9bec-M\u00e9xico: d\u00e9veloppement r\u00e9gional et d\u00e9sastres naturels (GRH-UQAC et l&rsquo;universit\u00e9 de Tabasco, M\u00e9xico (2013) PosterColoquioQcTabascoMexicoMai2013 Programmation (au 25 mars 2013) coloquioInternationalUQAC:TabascoMexico Mexico 2010-2011 Programmation des conf\u00e9rences : UQAC Mexico 2011 &amp; Coloquio Internacional Qu\u00e9bec-M\u00e9xico Desarrollo Regional, Nuevos &hellip; <a href=\"https:\/\/www.uqac.ca\/grh\/international\/\">Continuer la lecture <span class=\"meta-nav\">&rarr;<\/span><\/a><\/p>\n","protected":false},"author":2,"featured_media":0,"parent":0,"menu_order":0,"comment_status":"closed","ping_status":"open","template":"","meta":{"footnotes":""},"_links":{"self":[{"href":"https:\/\/www.uqac.ca\/grh\/wp-json\/wp\/v2\/pages\/22"}],"collection":[{"href":"https:\/\/www.uqac.ca\/grh\/wp-json\/wp\/v2\/pages"}],"about":[{"href":"https:\/\/www.uqac.ca\/grh\/wp-json\/wp\/v2\/types\/page"}],"author":[{"embeddable":true,"href":"https:\/\/www.uqac.ca\/grh\/wp-json\/wp\/v2\/users\/2"}],"replies":[{"embeddable":true,"href":"https:\/\/www.uqac.ca\/grh\/wp-json\/wp\/v2\/comments?post=22"}],"version-history":[{"count":132,"href":"https:\/\/www.uqac.ca\/grh\/wp-json\/wp\/v2\/pages\/22\/revisions"}],"predecessor-version":[{"id":858,"href":"https:\/\/www.uqac.ca\/grh\/wp-json\/wp\/v2\/pages\/22\/revisions\/858"}],"wp:attachment":[{"href":"https:\/\/www.uqac.ca\/grh\/wp-json\/wp\/v2\/media?parent=22"}],"curies":[{"name":"wp","href":"https:\/\/api.w.org\/{rel}","templated":true}]}}