{"id":2,"date":"2017-05-24T19:42:20","date_gmt":"2017-05-24T18:42:20","guid":{"rendered":"http:\/\/www.uqac.ca\/lerars\/?page_id=2"},"modified":"2025-11-18T14:52:44","modified_gmt":"2025-11-18T14:52:44","slug":"page-d-exemple","status":"publish","type":"page","link":"https:\/\/www.uqac.ca\/lerars\/","title":{"rendered":"\u00c0 propos"},"content":{"rendered":"<p><strong>Laboratoire d\u2019expertise et de recherche en anthropologie rituelle et symbolique (LERARS)<\/strong><\/p>\n<p>Le LERARS r\u00e9alise des activit\u00e9s de recherche sur les processus de deuil, de gu\u00e9rison et sur les enjeux li\u00e9s \u00e0 la naissance d\u2019un enfant, ax\u00e9es sur la d\u00e9couverte des r\u00e9seaux s\u00e9mantiques par lesquels ces ph\u00e9nom\u00e8nes sont interpr\u00e9t\u00e9s dans la communaut\u00e9 desservie par l\u2019UQAC.<\/p>\n<p>Il rend des services \u00e0 la collectivit\u00e9 en offrant de la formation, en produisant des outils de travail et en d\u00e9veloppant de nouvelles pratiques orient\u00e9es vers la re-ritualisation des actions \u00e0 l\u2019\u00e9gard du deuil, de la maladie et de la naissance. Il \u00e9tablit des liens avec des chercheurs, des intervenants et des groupes communautaires pr\u00e9occup\u00e9s par ces probl\u00e9matiques.<\/p>\n<p><strong>Responsable : Jacques Cherblanc<\/strong><br \/>\nT\u00e9l\u00e9phone\u00a0: 418\u00a0545-5011, poste 5339<br \/>\nCourriel\u00a0:\u00a0<a href=\"mailto:Jacques_Cherblanc@uqac.ca\">Jacques_Cherblanc@uqac.ca<\/a><\/p>\n<p>&nbsp;<\/p>\n<p><strong>Laboratory of expertise and research in ritual anthropology and symbolic systems<\/strong><\/p>\n<p>The LERARS carries out activities of research on the processes of mourning, cure and on stakes related to the birth of a child. These activities are centered on the discovery of the semantic networks through which these phenomena are interpreted in the community served by UQAC.<\/p>\n<p>It services the community by offering training, by producing working tools and by developing new practices directed towards the re-ritualization of the actions regarding mourning, disease and birth. It establishes bonds with researchers, trained workers and community groups interested in these problems.<\/p>\n<p><strong>Coordinator\u00a0: Jacques Cherblanc<\/strong><br \/>\nTelephone: 418 545-5011, extension 5339<br \/>\nE-mail: <a href=\"mailto:Jacques_Cherblanc@uqac.ca\">Jacques_Cherblanc@uqac.ca<\/a><\/p>\n<p>&nbsp;<\/p>\n<p><img loading=\"lazy\" decoding=\"async\" class=\"alignleft wp-image-387\" src=\"https:\/\/www.uqac.ca\/lerars\/wp-content\/uploads\/2025\/11\/LOGO_LERARS_A22_Plan-de-travail-1-300x89.png\" alt=\"\" width=\"400\" height=\"119\" srcset=\"https:\/\/www.uqac.ca\/lerars\/wp-content\/uploads\/2025\/11\/LOGO_LERARS_A22_Plan-de-travail-1-300x89.png 300w, https:\/\/www.uqac.ca\/lerars\/wp-content\/uploads\/2025\/11\/LOGO_LERARS_A22_Plan-de-travail-1-1024x305.png 1024w, https:\/\/www.uqac.ca\/lerars\/wp-content\/uploads\/2025\/11\/LOGO_LERARS_A22_Plan-de-travail-1-768x229.png 768w, https:\/\/www.uqac.ca\/lerars\/wp-content\/uploads\/2025\/11\/LOGO_LERARS_A22_Plan-de-travail-1-1536x457.png 1536w, https:\/\/www.uqac.ca\/lerars\/wp-content\/uploads\/2025\/11\/LOGO_LERARS_A22_Plan-de-travail-1-2048x610.png 2048w\" sizes=\"(max-width: 400px) 100vw, 400px\" \/><\/p>\n","protected":false},"excerpt":{"rendered":"<p>Laboratoire d\u2019expertise et de recherche en anthropologie rituelle et symbolique (LERARS) Le LERARS r\u00e9alise des activit\u00e9s de recherche sur les processus de deuil, de gu\u00e9rison et sur les enjeux li\u00e9s \u00e0 la naissance d\u2019un enfant, ax\u00e9es sur la d\u00e9couverte des r\u00e9seaux s\u00e9mantiques par lesquels ces ph\u00e9nom\u00e8nes sont interpr\u00e9t\u00e9s dans la communaut\u00e9 desservie par l\u2019UQAC. Il [&hellip;]<\/p>\n","protected":false},"author":1,"featured_media":0,"parent":0,"menu_order":0,"comment_status":"closed","ping_status":"open","template":"","meta":{"_acf_changed":false,"footnotes":""},"acf":[],"_links":{"self":[{"href":"https:\/\/www.uqac.ca\/lerars\/wp-json\/wp\/v2\/pages\/2"}],"collection":[{"href":"https:\/\/www.uqac.ca\/lerars\/wp-json\/wp\/v2\/pages"}],"about":[{"href":"https:\/\/www.uqac.ca\/lerars\/wp-json\/wp\/v2\/types\/page"}],"author":[{"embeddable":true,"href":"https:\/\/www.uqac.ca\/lerars\/wp-json\/wp\/v2\/users\/1"}],"replies":[{"embeddable":true,"href":"https:\/\/www.uqac.ca\/lerars\/wp-json\/wp\/v2\/comments?post=2"}],"version-history":[{"count":10,"href":"https:\/\/www.uqac.ca\/lerars\/wp-json\/wp\/v2\/pages\/2\/revisions"}],"predecessor-version":[{"id":389,"href":"https:\/\/www.uqac.ca\/lerars\/wp-json\/wp\/v2\/pages\/2\/revisions\/389"}],"wp:attachment":[{"href":"https:\/\/www.uqac.ca\/lerars\/wp-json\/wp\/v2\/media?parent=2"}],"curies":[{"name":"wp","href":"https:\/\/api.w.org\/{rel}","templated":true}]}}