{"id":460,"date":"2019-06-13T09:58:15","date_gmt":"2019-06-13T13:58:15","guid":{"rendered":"http:\/\/www.uqac.ca\/registraire\/?page_id=460"},"modified":"2024-11-06T14:50:50","modified_gmt":"2024-11-06T19:50:50","slug":"demande-de-report-dadmission","status":"publish","type":"page","link":"https:\/\/www.uqac.ca\/registraire\/admission\/reponse-a-ladmission\/demande-de-report-dadmission\/","title":{"rendered":"Demande de report d&rsquo;admission"},"content":{"rendered":"<div class=\"frm_forms  with_frm_style frm_center_submit frm_style_formidable-style\" id=\"frm_form_2_container\" ><form enctype=\"multipart\/form-data\" method=\"post\" class=\"frm-show-form  frm_pro_form \" id=\"form_32l0j\" ><div class=\"frm_form_fields \"><fieldset><legend class=\"frm_screen_reader\">Demande de report d'admission<\/legend><h3 class=\"frm_form_title\">Demande de report d'admission<\/h3><div class=\"frm_fields_container\"><input type=\"hidden\" name=\"frm_action\" value=\"create\" \/><input type=\"hidden\" name=\"form_id\" value=\"2\" \/><input type=\"hidden\" name=\"frm_hide_fields_2\" id=\"frm_hide_fields_2\" value=\"\" \/><input type=\"hidden\" name=\"form_key\" value=\"32l0j\" \/><input type=\"hidden\" name=\"item_meta[0]\" value=\"\" \/><input type=\"hidden\" id=\"frm_submit_entry_2\" name=\"frm_submit_entry_2\" value=\"7b68ab1f08\" \/><input type=\"hidden\" name=\"_wp_http_referer\" value=\"\/registraire\/wp-json\/wp\/v2\/pages\/460\" \/><div id=\"frm_field_35_container\" class=\"frm_form_field frm_section_heading form-field \"><h3 class=\"frm_pos_top frm_section_spacing\">Identification<\/h3><div id=\"frm_field_10_container\" class=\"frm_form_field form-field  frm_required_field frm_top_container frm_first frm_half\"><label for=\"field_j2ulk\" id=\"field_j2ulk_label\" class=\"frm_primary_label\">Num\u00e9ro de r\u00e9f\u00e9rence ou Code permanent<span class=\"frm_required\">*<\/span><\/label><input  type=\"text\" id=\"field_j2ulk\" name=\"item_meta[10]\" value=\"\"  data-sectionid=\"35\"  placeholder=\"Num\u00e9ro de r\u00e9f\u00e9rence ou code sur votre offre d&#039;admission\" data-reqmsg=\"Ce champs ne peut \u00eatre laiss\u00e9 vide\" aria-required=\"true\" data-invmsg=\"Text is invalid\" aria-invalid=\"false\"   \/><\/div><div id=\"frm_field_7_container\" class=\"frm_form_field form-field  frm_required_field frm_top_container frm_half frm_first\"><label for=\"field_p04wz\" id=\"field_p04wz_label\" class=\"frm_primary_label\">Pr\u00e9nom<span class=\"frm_required\">*<\/span><\/label><input  type=\"text\" id=\"field_p04wz\" name=\"item_meta[7]\" value=\"\"  data-sectionid=\"35\"  data-reqmsg=\"Ce champs ne peut \u00eatre laiss\u00e9 vide\" aria-required=\"true\" data-invmsg=\"Text is invalid\" aria-invalid=\"false\"   \/><\/div><div id=\"frm_field_8_container\" class=\"frm_form_field form-field  frm_required_field frm_top_container frm_half\"><label for=\"field_l371i\" id=\"field_l371i_label\" class=\"frm_primary_label\">Nom<span class=\"frm_required\">*<\/span><\/label><input  type=\"text\" id=\"field_l371i\" name=\"item_meta[8]\" value=\"\"  data-sectionid=\"35\"  data-reqmsg=\"Ce champs ne peut \u00eatre laiss\u00e9 vide\" aria-required=\"true\" data-invmsg=\"Text is invalid\" aria-invalid=\"false\"   \/><\/div><div id=\"frm_field_12_container\" class=\"frm_form_field form-field  frm_required_field frm_top_container frm_half\"><label for=\"field_sxjjc\" id=\"field_sxjjc_label\" class=\"frm_primary_label\">Date de naissance<span class=\"frm_required\">*<\/span><\/label><input type=\"text\" id=\"field_sxjjc\" name=\"item_meta[12]\" value=\"\"  data-sectionid=\"35\"  maxlength=\"10\" placeholder=\"JJ\/MM\/AAAA\" data-reqmsg=\"Ce champs ne peut \u00eatre laiss\u00e9 vide\" aria-required=\"true\" data-invmsg=\"Le format entr\u00e9 est incorrect\" class=\"frm_date\" aria-invalid=\"false\"  \/><\/div><div id=\"frm_field_9_container\" class=\"frm_form_field form-field  frm_required_field frm_top_container frm_half\"><label for=\"field_t0i7u\" id=\"field_t0i7u_label\" class=\"frm_primary_label\">Courriel<span class=\"frm_required\">*<\/span><\/label><input type=\"email\" id=\"field_t0i7u\" name=\"item_meta[9]\" value=\"\"  data-sectionid=\"35\"  data-reqmsg=\"Ce champs ne peut \u00eatre laiss\u00e9 vide\" aria-required=\"true\" data-invmsg=\"Email is invalid\" aria-invalid=\"false\"  \/><\/div><\/div><div id=\"frm_field_37_container\" class=\"frm_form_field frm_section_heading form-field  background-color 8FBC8F\" ><h3 class=\"frm_pos_top frm_section_spacing\">Programme<div id=\"frm_field_22_container\" class=\"frm_form_field form-field  frm_required_field frm_top_container frm_two_fifths\"><label for=\"field_jhvfq\" id=\"field_jhvfq_label\" class=\"frm_primary_label\">Num\u00e9ro<span class=\"frm_required\">*<\/span><\/label><input  type=\"text\" id=\"field_jhvfq\" name=\"item_meta[22]\" value=\"\"  data-sectionid=\"37\"  style=\"width:160px\" maxlength=\"4\" placeholder=\"Num\u00e9ro \u00e0 4 chiffres \" data-reqmsg=\"Ce champs ne peut \u00eatre laiss\u00e9 vide\" aria-required=\"true\" data-invmsg=\"Text is invalid\" class=\"auto_width\" aria-invalid=\"false\"   \/><\/div><div id=\"frm_field_15_container\" class=\"frm_form_field form-field  frm_required_field frm_top_container frm_three_fifths\"><label for=\"field_ya34\" id=\"field_ya34_label\" class=\"frm_primary_label\">Nom du programme<span class=\"frm_required\">*<\/span><\/label><input  type=\"text\" id=\"field_ya34\" name=\"item_meta[15]\" value=\"\"  data-sectionid=\"37\"  placeholder=\"Nom de votre programme\" data-reqmsg=\"Ce champs ne peut \u00eatre laiss\u00e9 vide\" aria-required=\"true\" data-invmsg=\"Text is invalid\" aria-invalid=\"false\"   \/><\/div><\/div><div id=\"frm_field_39_container\" class=\"frm_form_field frm_section_heading form-field \"><h3 class=\"frm_pos_top frm_section_spacing\">Choix du trimestre du report<\/h3><div id=\"frm_field_24_container\" class=\"frm_form_field form-field  frm_required_field frm_top_container frm_third\"><label for=\"field_cymnh\" id=\"field_cymnh_label\" class=\"frm_primary_label\">Trimestre du report<span class=\"frm_required\">*<\/span><\/label><select name=\"item_meta[24]\" id=\"field_cymnh\"  data-sectionid=\"39\"  data-frmval=\"Automne\" data-reqmsg=\"Ce champs ne peut \u00eatre laiss\u00e9 vide\" aria-required=\"true\" data-invmsg=\"Trimestre du report est non valide\" aria-invalid=\"false\"  ><option  value=\"\"> <\/option><option  value=\"Automne\" selected='selected'>Automne<\/option><option  value=\"Hiver\">Hiver<\/option><option  value=\"\u00c9t\u00e9\">\u00c9t\u00e9<\/option><\/select><\/div><div id=\"frm_field_75_container\" class=\"frm_form_field form-field  frm_required_field frm_top_container\"><label for=\"field_dr7oj\" id=\"field_dr7oj_label\" class=\"frm_primary_label\">Ann\u00e9e du report<span class=\"frm_required\">*<\/span><\/label><input  type=\"text\" id=\"field_dr7oj\" name=\"item_meta[75]\" value=\"\"  data-sectionid=\"39\"  maxlength=\"4\" placeholder=\"Exemple: 2000\" data-reqmsg=\"Ce champs ne peut \u00eatre laiss\u00e9 vide\" aria-required=\"true\" data-invmsg=\"Text is invalid\" aria-invalid=\"false\"   \/><\/div><\/div><div id=\"frm_field_41_container\" class=\"frm_form_field frm_section_heading form-field \"><h3 class=\"frm_pos_top frm_section_spacing\">Transmission de documents (optionnel)<\/h3><div id=\"frm_field_13_container\" class=\"frm_form_field form-field  frm_top_container frm_full\"><div  id=\"field_ez2aj_label\" class=\"frm_primary_label\">D\u00e9poser votre coupon d'admission ou votre r\u00e9ponse d'admission<span class=\"frm_required\"><\/span><\/div><input type=\"hidden\"  data-sectionid=\"41\"  data-invmsg=\"File Upload is invalid\" class=\"auto_width\" aria-invalid=\"false\"   name=\"item_meta[13]\"  value=\"\" data-frmfile=\"13\" \/><div class=\"frm_dropzone frm_single_upload frm_clearfix\" id=\"file13_dropzone\" role=\"group\" ><div class=\"fallback\"><input type=\"file\" name=\"file13\" id=\"field_ez2aj\" data-sectionid=\"41\"  data-invmsg=\"File Upload is invalid\" class=\"auto_width\" aria-invalid=\"false\"  \/><div class=\"frm_clearfix \"><\/div><\/div><div class=\"dz-message needsclick\"><svg  viewBox=\"0 0 18 18\" class=\"frmsvg frm-svg-icon\"><path viewBox=\"0 0 18 18\" fill-rule=\"evenodd\" clip-rule=\"evenodd\" d=\"M8.2 4v8a.8.8 0 001.5 0V4l2.1 2.2A.7.7 0 1013 5L9.5 1.7a.7.7 0 00-1.1 0L5.1 5.2a.8.8 0 001 1l2.1-2zm7.6 4.3c.4 0 .7.3.7.7v6.8c0 .4-.3.7-.8.7H2.3a.8.8 0 01-.8-.8V9A.8.8 0 013 9v6h12V9c0-.4.3-.8.8-.8z\"><\/path><\/svg><span class=\"frm_upload_text\"><button type=\"button\" aria-label=\"D\u00e9poser votre coupon d&#039;admission ou votre r\u00e9ponse d&#039;admission. Cliquer ou glisser votre coupon d&#039;admission ici. Taille de fichier maximale\u00a0: 1MB\">Cliquer ou glisser votre coupon d&#039;admission ici<\/button><\/span><span class=\"frm_compact_text\"><button type=\"button\" aria-label=\"D\u00e9poser votre coupon d&#039;admission ou votre r\u00e9ponse d&#039;admission. S\u00e9lectionner votre document. Taille de fichier maximale\u00a0: 1MB\">S\u00e9lectionner votre document<\/button><\/span><div class=\"frm_small_text\"><p>Taille de fichier maximale\u00a0: 1MB<\/p><\/div><\/div><\/div><\/div><\/div><div id=\"frm_field_623_container\" class=\"frm_form_field form-field  frm_top_container\"><label for=\"field_xsnec\" id=\"field_xsnec_label\" class=\"frm_primary_label\">Remarque<span class=\"frm_required\"><\/span><\/label><textarea name=\"item_meta[623]\" id=\"field_xsnec\" rows=\"5\"  data-frmval=\"Veuillez noter que lorsque vous demandez un report d&#039;admission, il est possible que certaines conditions d&#039;admission de votre programme aient chang\u00e9es et que vous ayez des conditions suppl\u00e9mentaires \u00e0 remplir dans votre nouvelle r\u00e9ponse \u00e0 l&#039;admission.\" data-invmsg=\"Remarque est non valide\" aria-invalid=\"false\"  >Veuillez noter que lorsque vous demandez un report d'admission, il est possible que certaines conditions d'admission de votre programme aient chang\u00e9es et que vous ayez des conditions suppl\u00e9mentaires \u00e0 remplir dans votre nouvelle r\u00e9ponse \u00e0 l'admission.<\/textarea><\/div><div id=\"frm_field_958_container\" class=\"frm_form_field form-field  frm_none_container\"><label for=\"g-recaptcha-response\" id=\"field_u90br_label\" class=\"frm_primary_label\">Captcha<span class=\"frm_required\" aria-hidden=\"true\"><\/span><\/label><div  id=\"field_u90br\" class=\"g-recaptcha\" data-sitekey=\"6LeA2uspAAAAAOyOQlAdwE7FBsqciCVVFoyic_fA\" data-size=\"invisible\" data-theme=\"light\" data-callback=\"frmAfterRecaptcha\"><\/div><\/div><div id=\"frm_field_957_container\" class=\"frm_form_field form-field \"><div class=\"frm_submit\"><button class=\"frm_button_submit frm_final_submit\" type=\"submit\"   formnovalidate=\"formnovalidate\">Transmettre<\/button><\/div><\/div><input type=\"hidden\" name=\"item_key\" value=\"\" \/><div id=\"frm_field_1213_container\"><label for=\"field_2x5jc\" >Si vous \u00eates un humain, ne remplissez pas ce champ.<\/label><input  id=\"field_2x5jc\" type=\"text\" class=\"frm_form_field form-field frm_verify\" name=\"item_meta[1213]\" value=\"\"  \/><\/div><input name=\"frm_state\" type=\"hidden\" value=\"GpuOnx19sPv7kl109zWvKzb0NZFCe\/l7MSbp95NjdENM\/ne6GnVKlqgYiVUG5iIq\" \/><\/div><\/fieldset><\/div><\/form><\/div>\n","protected":false},"excerpt":{"rendered":"","protected":false},"author":8,"featured_media":0,"parent":96,"menu_order":2,"comment_status":"closed","ping_status":"closed","template":"","meta":{"_acf_changed":false,"footnotes":""},"domaine":[],"acf":[],"_links":{"self":[{"href":"https:\/\/www.uqac.ca\/registraire\/wp-json\/wp\/v2\/pages\/460"}],"collection":[{"href":"https:\/\/www.uqac.ca\/registraire\/wp-json\/wp\/v2\/pages"}],"about":[{"href":"https:\/\/www.uqac.ca\/registraire\/wp-json\/wp\/v2\/types\/page"}],"author":[{"embeddable":true,"href":"https:\/\/www.uqac.ca\/registraire\/wp-json\/wp\/v2\/users\/8"}],"replies":[{"embeddable":true,"href":"https:\/\/www.uqac.ca\/registraire\/wp-json\/wp\/v2\/comments?post=460"}],"version-history":[{"count":17,"href":"https:\/\/www.uqac.ca\/registraire\/wp-json\/wp\/v2\/pages\/460\/revisions"}],"predecessor-version":[{"id":31368,"href":"https:\/\/www.uqac.ca\/registraire\/wp-json\/wp\/v2\/pages\/460\/revisions\/31368"}],"up":[{"embeddable":true,"href":"https:\/\/www.uqac.ca\/registraire\/wp-json\/wp\/v2\/pages\/96"}],"wp:attachment":[{"href":"https:\/\/www.uqac.ca\/registraire\/wp-json\/wp\/v2\/media?parent=460"}],"wp:term":[{"taxonomy":"domaine","embeddable":true,"href":"https:\/\/www.uqac.ca\/registraire\/wp-json\/wp\/v2\/domaine?post=460"}],"curies":[{"name":"wp","href":"https:\/\/api.w.org\/{rel}","templated":true}]}}