{"id":4729,"date":"2020-12-08T13:42:35","date_gmt":"2020-12-08T18:42:35","guid":{"rendered":"http:\/\/www.uqac.ca\/registraire\/?page_id=4729"},"modified":"2023-02-23T09:12:07","modified_gmt":"2023-02-23T14:12:07","slug":"types-de-documents","status":"publish","type":"page","link":"https:\/\/www.uqac.ca\/registraire\/types-de-documents\/","title":{"rendered":"Types de documents"},"content":{"rendered":"<h2>Attestation de fin d&rsquo;\u00e9tudes<\/h2>\n<p>Le programme doit \u00eatre termin\u00e9 c&rsquo;est \u00e0 dire que la totalit\u00e9 des cr\u00e9dits doit \u00eatre obtenue;\u00a0 Pour les \u00e9tudiants inscrits \u00e0 la ma\u00eetrise volet Recherche ou au doctorat, il faut attendre que le d\u00e9p\u00f4t final du m\u00e9moire ou de la th\u00e8se soit fait; l&rsquo;\u00e9tudiant doit \u00eatre recommand\u00e9 finissant par la direction de son programme d&rsquo;\u00e9tudes. Ce document est produit uniquement pour les dipl\u00f4m\u00e9s de l&rsquo;UQAC.<\/p>\n<p>&nbsp;<\/p>\n<h2>\u00a0\u00a0\u00a0\u00a0\u00a0\u00a0\u00a0\u00a0\u00a0\u00a0\u00a0\u00a0\u00a0\u00a0\u00a0\u00a0\u00a0\u00a0\u00a0\u00a0\u00a0\u00a0 OU<\/h2>\n<h2>Recommandation\u00a0de finissant<\/h2>\n<p>Le programme doit \u00eatre termin\u00e9(compl\u00e9t\u00e9) dans le trimestre courant et l\u2019\u00e9tudiant doit \u00eatre recommand\u00e9 finissant par son programme d\u2019\u00e9tude.<\/p>\n<h2>Attestation de fr\u00e9quentation scolaire (Inscription)<\/h2>\n<p>C&rsquo;est un document officiel de l&rsquo;UQAC,\u00a0 confirmant votre inscription courante ou pass\u00e9e \u00e0 l&rsquo;UQAC. Une attestation couvre un trimestre uniquement.<\/p>\n<h2>Attestation de fr\u00e9quentation scolaire (Non Inscription)<\/h2>\n<p>C&rsquo;est un document officiel de l&rsquo;UQAC,\u00a0 confirmant votre\u00a0<strong>NON<\/strong>\u00a0inscription courante ou pass\u00e9e \u00e0 l&rsquo;UQAC. Une attestation couvre un trimestre uniquement.<\/p>\n<h2>Relev\u00e9 de notes copie conforme<\/h2>\n<p>Le sceau \u00ab\u00a0copie conforme\u00a0\u00bb est appos\u00e9 sur un relev\u00e9 de notes pouvant \u00eatre remis \u00e0 l&rsquo;\u00e9tudiant. Si vous \u00eates finissant, tant que les dipl\u00f4mes ne sont pas pass\u00e9s \u00e0 l&rsquo;assembl\u00e9e des gouverneurs (instance de l&rsquo;Universit\u00e9 du Qu\u00e9bec officialisant les dipl\u00f4mes), il n&rsquo;y a pas de date de grade.<\/p>\n<h2>Relev\u00e9 de notes officiel<\/h2>\n<p>Ce relev\u00e9 de notes, avec un sceau de l&rsquo;UQAC, est transmis\u00a0<strong>directement<\/strong>\u00a0par le bureau du registraire \u00e0 un organisme ou une institution. Ce document n&rsquo;est\u00a0<strong>jamais<\/strong>\u00a0remis \u00e0 l&rsquo;\u00e9tudiant.<br \/>\nSi vous \u00eates finissant, tant que les dipl\u00f4mes ne sont pas pass\u00e9s \u00e0 l&rsquo;assembl\u00e9 des gouverneurs (instance de l\u2019Universit\u00e9 du Qu\u00e9bec officialisant les dipl\u00f4mes),\u00a0 il n&rsquo;y a pas de date de grade.<\/p>\n<h2>Renouvellement du\u00a0<strong>certificat d&rsquo;acceptation\u00a0 du Qu\u00e9bec\u00a0<\/strong>(CAQ) &#8211; Permis d&rsquo;\u00e9tudes<\/h2>\n<p>Si vous \u00eates en voie de renouveler votre CAQ et\/ou permis d&rsquo;\u00e9tudes, une attestation comprenant toutes les informations n\u00e9cessaires \u00e0 votre demande de renouvellement vous sera transmise.<\/p>\n<h2>Provenance des \u00e9quivalences<\/h2>\n<p>Copie du formulaire prouvant la provenance d&rsquo;une reconnaissance des acquis.<\/p>\n<h2>Attestation sur un stage obligatoire<\/h2>\n<p>C&rsquo;est un document officiel de l&rsquo;UQAC, confirmant que vous devez effectuer un stage obligatoire.<\/p>\n","protected":false},"excerpt":{"rendered":"<p>Attestation de fin d&rsquo;\u00e9tudes Le programme doit \u00eatre termin\u00e9 c&rsquo;est \u00e0 dire que la totalit\u00e9 des cr\u00e9dits doit \u00eatre obtenue;\u00a0 Pour les \u00e9tudiants inscrits \u00e0 la ma\u00eetrise volet Recherche ou au doctorat, il faut attendre que le d\u00e9p\u00f4t final du m\u00e9moire ou de la th\u00e8se soit fait; l&rsquo;\u00e9tudiant doit \u00eatre recommand\u00e9 finissant par la direction [&hellip;]<\/p>\n","protected":false},"author":1,"featured_media":0,"parent":0,"menu_order":0,"comment_status":"closed","ping_status":"closed","template":"","meta":{"_acf_changed":false,"footnotes":""},"domaine":[],"acf":[],"_links":{"self":[{"href":"https:\/\/www.uqac.ca\/registraire\/wp-json\/wp\/v2\/pages\/4729"}],"collection":[{"href":"https:\/\/www.uqac.ca\/registraire\/wp-json\/wp\/v2\/pages"}],"about":[{"href":"https:\/\/www.uqac.ca\/registraire\/wp-json\/wp\/v2\/types\/page"}],"author":[{"embeddable":true,"href":"https:\/\/www.uqac.ca\/registraire\/wp-json\/wp\/v2\/users\/1"}],"replies":[{"embeddable":true,"href":"https:\/\/www.uqac.ca\/registraire\/wp-json\/wp\/v2\/comments?post=4729"}],"version-history":[{"count":5,"href":"https:\/\/www.uqac.ca\/registraire\/wp-json\/wp\/v2\/pages\/4729\/revisions"}],"predecessor-version":[{"id":17127,"href":"https:\/\/www.uqac.ca\/registraire\/wp-json\/wp\/v2\/pages\/4729\/revisions\/17127"}],"wp:attachment":[{"href":"https:\/\/www.uqac.ca\/registraire\/wp-json\/wp\/v2\/media?parent=4729"}],"wp:term":[{"taxonomy":"domaine","embeddable":true,"href":"https:\/\/www.uqac.ca\/registraire\/wp-json\/wp\/v2\/domaine?post=4729"}],"curies":[{"name":"wp","href":"https:\/\/api.w.org\/{rel}","templated":true}]}}