{"id":480,"date":"2020-05-12T18:18:40","date_gmt":"2020-05-12T16:18:40","guid":{"rendered":"https:\/\/www.uqac.ca\/sept-iles2\/?page_id=480"},"modified":"2021-12-07T14:49:59","modified_gmt":"2021-12-07T13:49:59","slug":"7991-baccalaureat-en-education-prescolaire-et-enseignement-au-primaire","status":"publish","type":"page","link":"https:\/\/www.uqac.ca\/sept-iles\/7991-baccalaureat-en-education-prescolaire-et-enseignement-au-primaire\/","title":{"rendered":"7991-Baccalaur\u00e9at en \u00e9ducation pr\u00e9scolaire et enseignement au primaire"},"content":{"rendered":"<h3>Baccalaur\u00e9at en \u00e9ducation pr\u00e9scolaire et enseignement au primaire<\/h3>\n<p><img loading=\"lazy\" decoding=\"async\" class=\"alignnone size-full wp-image-422\" src=\"https:\/\/www.uqac.ca\/sept-iles2\/wp-content\/uploads\/2020\/05\/7991-entete.jpg\" alt=\"\" width=\"870\" height=\"300\" srcset=\"https:\/\/www.uqac.ca\/sept-iles\/wp-content\/uploads\/2020\/05\/7991-entete.jpg 870w, https:\/\/www.uqac.ca\/sept-iles\/wp-content\/uploads\/2020\/05\/7991-entete-300x103.jpg 300w, https:\/\/www.uqac.ca\/sept-iles\/wp-content\/uploads\/2020\/05\/7991-entete-768x265.jpg 768w\" sizes=\"(max-width: 870px) 100vw, 870px\" \/><\/p>\n<p>&nbsp;<\/p>\n","protected":false},"excerpt":{"rendered":"<p>Baccalaur\u00e9at en \u00e9ducation pr\u00e9scolaire et enseignement au primaire &nbsp;<\/p>\n","protected":false},"author":1,"featured_media":0,"parent":0,"menu_order":0,"comment_status":"closed","ping_status":"closed","template":"","meta":{"_acf_changed":false,"footnotes":""},"acf":[],"_links":{"self":[{"href":"https:\/\/www.uqac.ca\/sept-iles\/wp-json\/wp\/v2\/pages\/480"}],"collection":[{"href":"https:\/\/www.uqac.ca\/sept-iles\/wp-json\/wp\/v2\/pages"}],"about":[{"href":"https:\/\/www.uqac.ca\/sept-iles\/wp-json\/wp\/v2\/types\/page"}],"author":[{"embeddable":true,"href":"https:\/\/www.uqac.ca\/sept-iles\/wp-json\/wp\/v2\/users\/1"}],"replies":[{"embeddable":true,"href":"https:\/\/www.uqac.ca\/sept-iles\/wp-json\/wp\/v2\/comments?post=480"}],"version-history":[{"count":15,"href":"https:\/\/www.uqac.ca\/sept-iles\/wp-json\/wp\/v2\/pages\/480\/revisions"}],"predecessor-version":[{"id":1313,"href":"https:\/\/www.uqac.ca\/sept-iles\/wp-json\/wp\/v2\/pages\/480\/revisions\/1313"}],"wp:attachment":[{"href":"https:\/\/www.uqac.ca\/sept-iles\/wp-json\/wp\/v2\/media?parent=480"}],"curies":[{"name":"wp","href":"https:\/\/api.w.org\/{rel}","templated":true}]}}