{"version":"1.0","provider_name":"UQACtualit\u00e9s","provider_url":"https:\/\/www.uqac.ca\/uqactualites","title":"La mort musulmane objet d'un colloque - UQACtualit\u00e9s","type":"rich","width":600,"height":338,"html":"<blockquote class=\"wp-embedded-content\" data-secret=\"svDJMm3pbz\"><a href=\"https:\/\/www.uqac.ca\/uqactualites\/2010\/04\/20\/la-mort-musulmane-objet-dun-colloque\/\">La mort musulmane objet d&rsquo;un colloque<\/a><\/blockquote><iframe sandbox=\"allow-scripts\" security=\"restricted\" src=\"https:\/\/www.uqac.ca\/uqactualites\/2010\/04\/20\/la-mort-musulmane-objet-dun-colloque\/embed\/#?secret=svDJMm3pbz\" width=\"600\" height=\"338\" title=\"&laquo; La mort musulmane objet d&rsquo;un colloque &raquo; &#8212; UQACtualit\u00e9s\" data-secret=\"svDJMm3pbz\" frameborder=\"0\" marginwidth=\"0\" marginheight=\"0\" scrolling=\"no\" class=\"wp-embedded-content\"><\/iframe><script type=\"text\/javascript\">\n\/* <![CDATA[ *\/\n\/*! This file is auto-generated *\/\n!function(d,l){\"use strict\";l.querySelector&&d.addEventListener&&\"undefined\"!=typeof URL&&(d.wp=d.wp||{},d.wp.receiveEmbedMessage||(d.wp.receiveEmbedMessage=function(e){var t=e.data;if((t||t.secret||t.message||t.value)&&!\/[^a-zA-Z0-9]\/.test(t.secret)){for(var s,r,n,a=l.querySelectorAll('iframe[data-secret=\"'+t.secret+'\"]'),o=l.querySelectorAll('blockquote[data-secret=\"'+t.secret+'\"]'),c=new RegExp(\"^https?:$\",\"i\"),i=0;i<o.length;i++)o[i].style.display=\"none\";for(i=0;i<a.length;i++)s=a[i],e.source===s.contentWindow&&(s.removeAttribute(\"style\"),\"height\"===t.message?(1e3<(r=parseInt(t.value,10))?r=1e3:~~r<200&&(r=200),s.height=r):\"link\"===t.message&&(r=new URL(s.getAttribute(\"src\")),n=new URL(t.value),c.test(n.protocol))&&n.host===r.host&&l.activeElement===s&&(d.top.location.href=t.value))}},d.addEventListener(\"message\",d.wp.receiveEmbedMessage,!1),l.addEventListener(\"DOMContentLoaded\",function(){for(var e,t,s=l.querySelectorAll(\"iframe.wp-embedded-content\"),r=0;r<s.length;r++)(t=(e=s[r]).getAttribute(\"data-secret\"))||(t=Math.random().toString(36).substring(2,12),e.src+=\"#?secret=\"+t,e.setAttribute(\"data-secret\",t)),e.contentWindow.postMessage({message:\"ready\",secret:t},\"*\")},!1)))}(window,document);\n\/* ]]> *\/\n<\/script>\n","description":"Le port du voile, la demande d&rsquo;une alimentation halal dans les caf\u00e9t\u00e9rias scolaires ou la s\u00e9paration des hommes et des femmes dans certaines piscines publiques ont \u00e9t\u00e9 une source de tensions entre les Qu\u00e9b\u00e9cois et les immigr\u00e9s musulmans, ces derni\u00e8res ann\u00e9es. Pour la premi\u00e8re fois au Qu\u00e9bec, le sujet de la mort musulmane en contexte [&hellip;]"}

UQACtualités

La mort musulmane objet d'un colloque - UQACtualités

<blockquote class="wp-embedded-content" data-secret="svDJMm3pbz"><a href="https://www.uqac.ca/uqactualites/2010/04/20/la-mort-musulmane-objet-dun-colloque/">La mort musulmane objet d&rsquo;un colloque</a></blockquote><iframe sandbox="allow-scripts" security="restricted" src="https://www.uqac.ca/uqactualites/2010/04/20/la-mort-musulmane-objet-dun-colloque/embed/#?secret=svDJMm3pbz" width="600" height="338" title="&laquo; La mort musulmane objet d&rsquo;un colloque &raquo; &#8212; UQACtualités" data-secret="svDJMm3pbz" frameborder="0" marginwidth="0" marginheight="0" scrolling="no" class="wp-embedded-content"></iframe><script type="text/javascript">
/* <![CDATA[ */
/*! This file is auto-generated */
!function(d,l){"use strict";l.querySelector&&d.addEventListener&&"undefined"!=typeof URL&&(d.wp=d.wp||{},d.wp.receiveEmbedMessage||(d.wp.receiveEmbedMessage=function(e){var t=e.data;if((t||t.secret||t.message||t.value)&&!/[^a-zA-Z0-9]/.test(t.secret)){for(var s,r,n,a=l.querySelectorAll('iframe[data-secret="'+t.secret+'"]'),o=l.querySelectorAll('blockquote[data-secret="'+t.secret+'"]'),c=new RegExp("^https?:$","i"),i=0;i<o.length;i++)o[i].style.display="none";for(i=0;i<a.length;i++)s=a[i],e.source===s.contentWindow&&(s.removeAttribute("style"),"height"===t.message?(1e3<(r=parseInt(t.value,10))?r=1e3:~~r<200&&(r=200),s.height=r):"link"===t.message&&(r=new URL(s.getAttribute("src")),n=new URL(t.value),c.test(n.protocol))&&n.host===r.host&&l.activeElement===s&&(d.top.location.href=t.value))}},d.addEventListener("message",d.wp.receiveEmbedMessage,!1),l.addEventListener("DOMContentLoaded",function(){for(var e,t,s=l.querySelectorAll("iframe.wp-embedded-content"),r=0;r<s.length;r++)(t=(e=s[r]).getAttribute("data-secret"))||(t=Math.random().toString(36).substring(2,12),e.src+="#?secret="+t,e.setAttribute("data-secret",t)),e.contentWindow.postMessage({message:"ready",secret:t},"*")},!1)))}(window,document);
/* ]]> */
</script>

Le port du voile, la demande d&rsquo;une alimentation halal dans les cafétérias scolaires ou la séparation des hommes et des femmes dans certaines piscines publiques ont été une source de tensions entre les Québécois et les immigrés musulmans, ces dernières années. Pour la première fois au Québec, le sujet de la mort musulmane en contexte [&hellip;]
