{"version":"1.0","provider_name":"UQACtualit\u00e9s","provider_url":"https:\/\/www.uqac.ca\/uqactualites","title":"Guylaine Boivin nomm\u00e9e adjointe du recteur - UQACtualit\u00e9s","type":"rich","width":600,"height":338,"html":"<blockquote class=\"wp-embedded-content\" data-secret=\"sLurCYADLj\"><a href=\"https:\/\/www.uqac.ca\/uqactualites\/2012\/06\/14\/guylaine-boivin-nommee-adjointe-du-recteur\/\">Guylaine Boivin nomm\u00e9e adjointe du recteur<\/a><\/blockquote><iframe sandbox=\"allow-scripts\" security=\"restricted\" src=\"https:\/\/www.uqac.ca\/uqactualites\/2012\/06\/14\/guylaine-boivin-nommee-adjointe-du-recteur\/embed\/#?secret=sLurCYADLj\" width=\"600\" height=\"338\" title=\"&laquo; Guylaine Boivin nomm\u00e9e adjointe du recteur &raquo; &#8212; UQACtualit\u00e9s\" data-secret=\"sLurCYADLj\" frameborder=\"0\" marginwidth=\"0\" marginheight=\"0\" scrolling=\"no\" class=\"wp-embedded-content\"><\/iframe><script type=\"text\/javascript\">\n\/* <![CDATA[ *\/\n\/*! This file is auto-generated *\/\n!function(d,l){\"use strict\";l.querySelector&&d.addEventListener&&\"undefined\"!=typeof URL&&(d.wp=d.wp||{},d.wp.receiveEmbedMessage||(d.wp.receiveEmbedMessage=function(e){var t=e.data;if((t||t.secret||t.message||t.value)&&!\/[^a-zA-Z0-9]\/.test(t.secret)){for(var s,r,n,a=l.querySelectorAll('iframe[data-secret=\"'+t.secret+'\"]'),o=l.querySelectorAll('blockquote[data-secret=\"'+t.secret+'\"]'),c=new RegExp(\"^https?:$\",\"i\"),i=0;i<o.length;i++)o[i].style.display=\"none\";for(i=0;i<a.length;i++)s=a[i],e.source===s.contentWindow&&(s.removeAttribute(\"style\"),\"height\"===t.message?(1e3<(r=parseInt(t.value,10))?r=1e3:~~r<200&&(r=200),s.height=r):\"link\"===t.message&&(r=new URL(s.getAttribute(\"src\")),n=new URL(t.value),c.test(n.protocol))&&n.host===r.host&&l.activeElement===s&&(d.top.location.href=t.value))}},d.addEventListener(\"message\",d.wp.receiveEmbedMessage,!1),l.addEventListener(\"DOMContentLoaded\",function(){for(var e,t,s=l.querySelectorAll(\"iframe.wp-embedded-content\"),r=0;r<s.length;r++)(t=(e=s[r]).getAttribute(\"data-secret\"))||(t=Math.random().toString(36).substring(2,12),e.src+=\"#?secret=\"+t,e.setAttribute(\"data-secret\",t)),e.contentWindow.postMessage({message:\"ready\",secret:t},\"*\")},!1)))}(window,document);\n\/* ]]> *\/\n<\/script>\n","thumbnail_url":"https:\/\/www.uqac.ca\/uqactualites\/wp-content\/uploads\/2012\/06\/Guylaine-Boivin-Web-\u00a9Rocket-Lavoie.jpg","thumbnail_width":620,"thumbnail_height":300,"description":"Le recteur, monsieur Martin Gauthier, informe la communaut\u00e9 universitaire que le conseil ex\u00e9cutif de l\u2019UQAC a proc\u00e9d\u00e9, lors de sa r\u00e9union du mardi 12 juin dernier, \u00e0 la nomination de madame Guylaine Boivin \u00e0 titre d\u2019adjointe du recteur. Madame Boivin occupait depuis 2002 le poste de conseill\u00e8re juridique pour le Vice-rectorat aux affaires \u00e9tudiantes et [&hellip;]"}

UQACtualités

Guylaine Boivin nommée adjointe du recteur - UQACtualités

<blockquote class="wp-embedded-content" data-secret="sLurCYADLj"><a href="https://www.uqac.ca/uqactualites/2012/06/14/guylaine-boivin-nommee-adjointe-du-recteur/">Guylaine Boivin nommée adjointe du recteur</a></blockquote><iframe sandbox="allow-scripts" security="restricted" src="https://www.uqac.ca/uqactualites/2012/06/14/guylaine-boivin-nommee-adjointe-du-recteur/embed/#?secret=sLurCYADLj" width="600" height="338" title="&laquo; Guylaine Boivin nommée adjointe du recteur &raquo; &#8212; UQACtualités" data-secret="sLurCYADLj" frameborder="0" marginwidth="0" marginheight="0" scrolling="no" class="wp-embedded-content"></iframe><script type="text/javascript">
/* <![CDATA[ */
/*! This file is auto-generated */
!function(d,l){"use strict";l.querySelector&&d.addEventListener&&"undefined"!=typeof URL&&(d.wp=d.wp||{},d.wp.receiveEmbedMessage||(d.wp.receiveEmbedMessage=function(e){var t=e.data;if((t||t.secret||t.message||t.value)&&!/[^a-zA-Z0-9]/.test(t.secret)){for(var s,r,n,a=l.querySelectorAll('iframe[data-secret="'+t.secret+'"]'),o=l.querySelectorAll('blockquote[data-secret="'+t.secret+'"]'),c=new RegExp("^https?:$","i"),i=0;i<o.length;i++)o[i].style.display="none";for(i=0;i<a.length;i++)s=a[i],e.source===s.contentWindow&&(s.removeAttribute("style"),"height"===t.message?(1e3<(r=parseInt(t.value,10))?r=1e3:~~r<200&&(r=200),s.height=r):"link"===t.message&&(r=new URL(s.getAttribute("src")),n=new URL(t.value),c.test(n.protocol))&&n.host===r.host&&l.activeElement===s&&(d.top.location.href=t.value))}},d.addEventListener("message",d.wp.receiveEmbedMessage,!1),l.addEventListener("DOMContentLoaded",function(){for(var e,t,s=l.querySelectorAll("iframe.wp-embedded-content"),r=0;r<s.length;r++)(t=(e=s[r]).getAttribute("data-secret"))||(t=Math.random().toString(36).substring(2,12),e.src+="#?secret="+t,e.setAttribute("data-secret",t)),e.contentWindow.postMessage({message:"ready",secret:t},"*")},!1)))}(window,document);
/* ]]> */
</script>

Le recteur, monsieur Martin Gauthier, informe la communauté universitaire que le conseil exécutif de l’UQAC a procédé, lors de sa réunion du mardi 12 juin dernier, à la nomination de madame Guylaine Boivin à titre d’adjointe du recteur. Madame Boivin occupait depuis 2002 le poste de conseillère juridique pour le Vice-rectorat aux affaires étudiantes et [&hellip;]
