{"version":"1.0","provider_name":"UQACtualit\u00e9s","provider_url":"https:\/\/www.uqac.ca\/uqactualites","title":"Point de presse - UQACtualit\u00e9s","type":"rich","width":600,"height":338,"html":"<blockquote class=\"wp-embedded-content\" data-secret=\"M5DEbsABBf\"><a href=\"https:\/\/www.uqac.ca\/uqactualites\/2015\/03\/16\/point-de-presse\/\">Point de presse<\/a><\/blockquote><iframe sandbox=\"allow-scripts\" security=\"restricted\" src=\"https:\/\/www.uqac.ca\/uqactualites\/2015\/03\/16\/point-de-presse\/embed\/#?secret=M5DEbsABBf\" width=\"600\" height=\"338\" title=\"&laquo; Point de presse &raquo; &#8212; UQACtualit\u00e9s\" data-secret=\"M5DEbsABBf\" frameborder=\"0\" marginwidth=\"0\" marginheight=\"0\" scrolling=\"no\" class=\"wp-embedded-content\"><\/iframe><script type=\"text\/javascript\">\n\/* <![CDATA[ *\/\n\/*! This file is auto-generated *\/\n!function(d,l){\"use strict\";l.querySelector&&d.addEventListener&&\"undefined\"!=typeof URL&&(d.wp=d.wp||{},d.wp.receiveEmbedMessage||(d.wp.receiveEmbedMessage=function(e){var t=e.data;if((t||t.secret||t.message||t.value)&&!\/[^a-zA-Z0-9]\/.test(t.secret)){for(var s,r,n,a=l.querySelectorAll('iframe[data-secret=\"'+t.secret+'\"]'),o=l.querySelectorAll('blockquote[data-secret=\"'+t.secret+'\"]'),c=new RegExp(\"^https?:$\",\"i\"),i=0;i<o.length;i++)o[i].style.display=\"none\";for(i=0;i<a.length;i++)s=a[i],e.source===s.contentWindow&&(s.removeAttribute(\"style\"),\"height\"===t.message?(1e3<(r=parseInt(t.value,10))?r=1e3:~~r<200&&(r=200),s.height=r):\"link\"===t.message&&(r=new URL(s.getAttribute(\"src\")),n=new URL(t.value),c.test(n.protocol))&&n.host===r.host&&l.activeElement===s&&(d.top.location.href=t.value))}},d.addEventListener(\"message\",d.wp.receiveEmbedMessage,!1),l.addEventListener(\"DOMContentLoaded\",function(){for(var e,t,s=l.querySelectorAll(\"iframe.wp-embedded-content\"),r=0;r<s.length;r++)(t=(e=s[r]).getAttribute(\"data-secret\"))||(t=Math.random().toString(36).substring(2,12),e.src+=\"#?secret=\"+t,e.setAttribute(\"data-secret\",t)),e.contentWindow.postMessage({message:\"ready\",secret:t},\"*\")},!1)))}(window,document);\n\/* ]]> *\/\n<\/script>\n","thumbnail_url":"https:\/\/www.uqac.ca\/uqactualites\/wp-content\/uploads\/2012\/10\/Convocation.jpg","thumbnail_width":620,"thumbnail_height":300,"description":"Membres de la presse, le recteur, M. Martin Gauthier, vous convie \u00e0 assister \u00e0 un point de presse concernant la situation relative aux frais de d\u00e9placement et de repr\u00e9sentation. Mardi, 17 mars 2015\u00a0 \u25aa\u00a0 11\u00a0h Salon Andr\u00e9 Desgagn\u00e9 Local H1-1110 du Pavillon Alphonse-Desjardins Universit\u00e9 du Qu\u00e9bec \u00e0 Chicoutimi M. Laval Boulianne, pr\u00e9sident du Conseil d\u2019administration [&hellip;]"}

UQACtualités

Point de presse - UQACtualités

<blockquote class="wp-embedded-content" data-secret="M5DEbsABBf"><a href="https://www.uqac.ca/uqactualites/2015/03/16/point-de-presse/">Point de presse</a></blockquote><iframe sandbox="allow-scripts" security="restricted" src="https://www.uqac.ca/uqactualites/2015/03/16/point-de-presse/embed/#?secret=M5DEbsABBf" width="600" height="338" title="&laquo; Point de presse &raquo; &#8212; UQACtualités" data-secret="M5DEbsABBf" frameborder="0" marginwidth="0" marginheight="0" scrolling="no" class="wp-embedded-content"></iframe><script type="text/javascript">
/* <![CDATA[ */
/*! This file is auto-generated */
!function(d,l){"use strict";l.querySelector&&d.addEventListener&&"undefined"!=typeof URL&&(d.wp=d.wp||{},d.wp.receiveEmbedMessage||(d.wp.receiveEmbedMessage=function(e){var t=e.data;if((t||t.secret||t.message||t.value)&&!/[^a-zA-Z0-9]/.test(t.secret)){for(var s,r,n,a=l.querySelectorAll('iframe[data-secret="'+t.secret+'"]'),o=l.querySelectorAll('blockquote[data-secret="'+t.secret+'"]'),c=new RegExp("^https?:$","i"),i=0;i<o.length;i++)o[i].style.display="none";for(i=0;i<a.length;i++)s=a[i],e.source===s.contentWindow&&(s.removeAttribute("style"),"height"===t.message?(1e3<(r=parseInt(t.value,10))?r=1e3:~~r<200&&(r=200),s.height=r):"link"===t.message&&(r=new URL(s.getAttribute("src")),n=new URL(t.value),c.test(n.protocol))&&n.host===r.host&&l.activeElement===s&&(d.top.location.href=t.value))}},d.addEventListener("message",d.wp.receiveEmbedMessage,!1),l.addEventListener("DOMContentLoaded",function(){for(var e,t,s=l.querySelectorAll("iframe.wp-embedded-content"),r=0;r<s.length;r++)(t=(e=s[r]).getAttribute("data-secret"))||(t=Math.random().toString(36).substring(2,12),e.src+="#?secret="+t,e.setAttribute("data-secret",t)),e.contentWindow.postMessage({message:"ready",secret:t},"*")},!1)))}(window,document);
/* ]]> */
</script>

Membres de la presse, le recteur, M. Martin Gauthier, vous convie à assister à un point de presse concernant la situation relative aux frais de déplacement et de représentation. Mardi, 17 mars 2015  ▪  11 h Salon André Desgagné Local H1-1110 du Pavillon Alphonse-Desjardins Université du Québec à Chicoutimi M. Laval Boulianne, président du Conseil d’administration [&hellip;]
