{"version":"1.0","provider_name":"UQACtualit\u00e9s","provider_url":"https:\/\/www.uqac.ca\/uqactualites","title":"Lancement du livre photo documentaire, Un regard sans pr\u00e9jug\u00e9, \u00e9crit par une \u00e9tudiante de l'UQAC - UQACtualit\u00e9s","type":"rich","width":600,"height":338,"html":"<blockquote class=\"wp-embedded-content\" data-secret=\"pnsXLF2KAN\"><a href=\"https:\/\/www.uqac.ca\/uqactualites\/2015\/03\/30\/un-regard-sans-prejuge\/\">Lancement du livre photo documentaire, Un regard sans pr\u00e9jug\u00e9, \u00e9crit par une \u00e9tudiante de l&rsquo;UQAC<\/a><\/blockquote><iframe sandbox=\"allow-scripts\" security=\"restricted\" src=\"https:\/\/www.uqac.ca\/uqactualites\/2015\/03\/30\/un-regard-sans-prejuge\/embed\/#?secret=pnsXLF2KAN\" width=\"600\" height=\"338\" title=\"&laquo; Lancement du livre photo documentaire, Un regard sans pr\u00e9jug\u00e9, \u00e9crit par une \u00e9tudiante de l&rsquo;UQAC &raquo; &#8212; UQACtualit\u00e9s\" data-secret=\"pnsXLF2KAN\" frameborder=\"0\" marginwidth=\"0\" marginheight=\"0\" scrolling=\"no\" class=\"wp-embedded-content\"><\/iframe><script type=\"text\/javascript\">\n\/* <![CDATA[ *\/\n\/*! This file is auto-generated *\/\n!function(d,l){\"use strict\";l.querySelector&&d.addEventListener&&\"undefined\"!=typeof URL&&(d.wp=d.wp||{},d.wp.receiveEmbedMessage||(d.wp.receiveEmbedMessage=function(e){var t=e.data;if((t||t.secret||t.message||t.value)&&!\/[^a-zA-Z0-9]\/.test(t.secret)){for(var s,r,n,a=l.querySelectorAll('iframe[data-secret=\"'+t.secret+'\"]'),o=l.querySelectorAll('blockquote[data-secret=\"'+t.secret+'\"]'),c=new RegExp(\"^https?:$\",\"i\"),i=0;i<o.length;i++)o[i].style.display=\"none\";for(i=0;i<a.length;i++)s=a[i],e.source===s.contentWindow&&(s.removeAttribute(\"style\"),\"height\"===t.message?(1e3<(r=parseInt(t.value,10))?r=1e3:~~r<200&&(r=200),s.height=r):\"link\"===t.message&&(r=new URL(s.getAttribute(\"src\")),n=new URL(t.value),c.test(n.protocol))&&n.host===r.host&&l.activeElement===s&&(d.top.location.href=t.value))}},d.addEventListener(\"message\",d.wp.receiveEmbedMessage,!1),l.addEventListener(\"DOMContentLoaded\",function(){for(var e,t,s=l.querySelectorAll(\"iframe.wp-embedded-content\"),r=0;r<s.length;r++)(t=(e=s[r]).getAttribute(\"data-secret\"))||(t=Math.random().toString(36).substring(2,12),e.src+=\"#?secret=\"+t,e.setAttribute(\"data-secret\",t)),e.contentWindow.postMessage({message:\"ready\",secret:t},\"*\")},!1)))}(window,document);\n\/* ]]> *\/\n<\/script>\n","thumbnail_url":"https:\/\/www.uqac.ca\/uqactualites\/wp-content\/uploads\/2015\/03\/livre-prejuges.jpg","thumbnail_width":968,"thumbnail_height":649,"description":"Le livre photo documentaire, Un regard sans pr\u00e9jug\u00e9, initi\u00e9 par l\u2019organisme L.A.S.T.U.S.E. du Saguenay, a \u00e9t\u00e9 lanc\u00e9 le 23 mars dernier, \u00e0 la Salle Marguerite-Tellier du Centre des arts et de la culture de Chicoutimi. L\u2019auteure de l\u2019ouvrage, Elizabeth Dupont, \u00e9tudiante au certificat en intervention communautaire de l\u2019UQAC, et le photographe Daniel Gauthier pr\u00e9sentent les [&hellip;]"}

UQACtualités

Lancement du livre photo documentaire, Un regard sans préjugé, écrit par une étudiante de l'UQAC - UQACtualités

<blockquote class="wp-embedded-content" data-secret="pnsXLF2KAN"><a href="https://www.uqac.ca/uqactualites/2015/03/30/un-regard-sans-prejuge/">Lancement du livre photo documentaire, Un regard sans préjugé, écrit par une étudiante de l&rsquo;UQAC</a></blockquote><iframe sandbox="allow-scripts" security="restricted" src="https://www.uqac.ca/uqactualites/2015/03/30/un-regard-sans-prejuge/embed/#?secret=pnsXLF2KAN" width="600" height="338" title="&laquo; Lancement du livre photo documentaire, Un regard sans préjugé, écrit par une étudiante de l&rsquo;UQAC &raquo; &#8212; UQACtualités" data-secret="pnsXLF2KAN" frameborder="0" marginwidth="0" marginheight="0" scrolling="no" class="wp-embedded-content"></iframe><script type="text/javascript">
/* <![CDATA[ */
/*! This file is auto-generated */
!function(d,l){"use strict";l.querySelector&&d.addEventListener&&"undefined"!=typeof URL&&(d.wp=d.wp||{},d.wp.receiveEmbedMessage||(d.wp.receiveEmbedMessage=function(e){var t=e.data;if((t||t.secret||t.message||t.value)&&!/[^a-zA-Z0-9]/.test(t.secret)){for(var s,r,n,a=l.querySelectorAll('iframe[data-secret="'+t.secret+'"]'),o=l.querySelectorAll('blockquote[data-secret="'+t.secret+'"]'),c=new RegExp("^https?:$","i"),i=0;i<o.length;i++)o[i].style.display="none";for(i=0;i<a.length;i++)s=a[i],e.source===s.contentWindow&&(s.removeAttribute("style"),"height"===t.message?(1e3<(r=parseInt(t.value,10))?r=1e3:~~r<200&&(r=200),s.height=r):"link"===t.message&&(r=new URL(s.getAttribute("src")),n=new URL(t.value),c.test(n.protocol))&&n.host===r.host&&l.activeElement===s&&(d.top.location.href=t.value))}},d.addEventListener("message",d.wp.receiveEmbedMessage,!1),l.addEventListener("DOMContentLoaded",function(){for(var e,t,s=l.querySelectorAll("iframe.wp-embedded-content"),r=0;r<s.length;r++)(t=(e=s[r]).getAttribute("data-secret"))||(t=Math.random().toString(36).substring(2,12),e.src+="#?secret="+t,e.setAttribute("data-secret",t)),e.contentWindow.postMessage({message:"ready",secret:t},"*")},!1)))}(window,document);
/* ]]> */
</script>

Le livre photo documentaire, Un regard sans préjugé, initié par l’organisme L.A.S.T.U.S.E. du Saguenay, a été lancé le 23 mars dernier, à la Salle Marguerite-Tellier du Centre des arts et de la culture de Chicoutimi. L’auteure de l’ouvrage, Elizabeth Dupont, étudiante au certificat en intervention communautaire de l’UQAC, et le photographe Daniel Gauthier présentent les [&hellip;]
