{"version":"1.0","provider_name":"UQACtualit\u00e9s","provider_url":"https:\/\/www.uqac.ca\/uqactualites","title":"Exposition de photos : \u00ab Qu\u00e9b\u00e9coisEs, musulmanEs... et apr\u00e8s? \u00bb - UQACtualit\u00e9s","type":"rich","width":600,"height":338,"html":"<blockquote class=\"wp-embedded-content\" data-secret=\"7fQcVBR77k\"><a href=\"https:\/\/www.uqac.ca\/uqactualites\/2015\/09\/21\/exposition-de-photos-quebecoises-musulmanes-et-apres\/\">Exposition de photos : \u00ab Qu\u00e9b\u00e9coisEs, musulmanEs&#8230; et apr\u00e8s? \u00bb<\/a><\/blockquote><iframe sandbox=\"allow-scripts\" security=\"restricted\" src=\"https:\/\/www.uqac.ca\/uqactualites\/2015\/09\/21\/exposition-de-photos-quebecoises-musulmanes-et-apres\/embed\/#?secret=7fQcVBR77k\" width=\"600\" height=\"338\" title=\"&laquo; Exposition de photos : \u00ab Qu\u00e9b\u00e9coisEs, musulmanEs&#8230; et apr\u00e8s? \u00bb &raquo; &#8212; UQACtualit\u00e9s\" data-secret=\"7fQcVBR77k\" frameborder=\"0\" marginwidth=\"0\" marginheight=\"0\" scrolling=\"no\" class=\"wp-embedded-content\"><\/iframe><script type=\"text\/javascript\">\n\/* <![CDATA[ *\/\n\/*! This file is auto-generated *\/\n!function(d,l){\"use strict\";l.querySelector&&d.addEventListener&&\"undefined\"!=typeof URL&&(d.wp=d.wp||{},d.wp.receiveEmbedMessage||(d.wp.receiveEmbedMessage=function(e){var t=e.data;if((t||t.secret||t.message||t.value)&&!\/[^a-zA-Z0-9]\/.test(t.secret)){for(var s,r,n,a=l.querySelectorAll('iframe[data-secret=\"'+t.secret+'\"]'),o=l.querySelectorAll('blockquote[data-secret=\"'+t.secret+'\"]'),c=new RegExp(\"^https?:$\",\"i\"),i=0;i<o.length;i++)o[i].style.display=\"none\";for(i=0;i<a.length;i++)s=a[i],e.source===s.contentWindow&&(s.removeAttribute(\"style\"),\"height\"===t.message?(1e3<(r=parseInt(t.value,10))?r=1e3:~~r<200&&(r=200),s.height=r):\"link\"===t.message&&(r=new URL(s.getAttribute(\"src\")),n=new URL(t.value),c.test(n.protocol))&&n.host===r.host&&l.activeElement===s&&(d.top.location.href=t.value))}},d.addEventListener(\"message\",d.wp.receiveEmbedMessage,!1),l.addEventListener(\"DOMContentLoaded\",function(){for(var e,t,s=l.querySelectorAll(\"iframe.wp-embedded-content\"),r=0;r<s.length;r++)(t=(e=s[r]).getAttribute(\"data-secret\"))||(t=Math.random().toString(36).substring(2,12),e.src+=\"#?secret=\"+t,e.setAttribute(\"data-secret\",t)),e.contentWindow.postMessage({message:\"ready\",secret:t},\"*\")},!1)))}(window,document);\n\/* ]]> *\/\n<\/script>\n","thumbnail_url":"https:\/\/www.uqac.ca\/uqactualites\/wp-content\/uploads\/2012\/05\/avis-laCommunaut-.jpg","thumbnail_width":620,"thumbnail_height":300,"description":"Du 24 au 26 septembre prochain, le Collectif Coexister au Saguenay, dont la professeure Marie Fall, responsable du Laboratoire d\u2019\u00c9tudes et de Recherches Appliqu\u00e9es sur l\u2019Afrique, est membre, en collaboration avec le Centre Justice et foi, organise une exposition de 20 photos illustrant des musulman-e-s et qu\u00e9b\u00e9cois-e-s dans diff\u00e9rentes activit\u00e9s. Ces photos seront pr\u00e9sent\u00e9es \u00e0 [&hellip;]"}

UQACtualités

Exposition de photos : « QuébécoisEs, musulmanEs... et après? » - UQACtualités

<blockquote class="wp-embedded-content" data-secret="7fQcVBR77k"><a href="https://www.uqac.ca/uqactualites/2015/09/21/exposition-de-photos-quebecoises-musulmanes-et-apres/">Exposition de photos : « QuébécoisEs, musulmanEs&#8230; et après? »</a></blockquote><iframe sandbox="allow-scripts" security="restricted" src="https://www.uqac.ca/uqactualites/2015/09/21/exposition-de-photos-quebecoises-musulmanes-et-apres/embed/#?secret=7fQcVBR77k" width="600" height="338" title="&laquo; Exposition de photos : « QuébécoisEs, musulmanEs&#8230; et après? » &raquo; &#8212; UQACtualités" data-secret="7fQcVBR77k" frameborder="0" marginwidth="0" marginheight="0" scrolling="no" class="wp-embedded-content"></iframe><script type="text/javascript">
/* <![CDATA[ */
/*! This file is auto-generated */
!function(d,l){"use strict";l.querySelector&&d.addEventListener&&"undefined"!=typeof URL&&(d.wp=d.wp||{},d.wp.receiveEmbedMessage||(d.wp.receiveEmbedMessage=function(e){var t=e.data;if((t||t.secret||t.message||t.value)&&!/[^a-zA-Z0-9]/.test(t.secret)){for(var s,r,n,a=l.querySelectorAll('iframe[data-secret="'+t.secret+'"]'),o=l.querySelectorAll('blockquote[data-secret="'+t.secret+'"]'),c=new RegExp("^https?:$","i"),i=0;i<o.length;i++)o[i].style.display="none";for(i=0;i<a.length;i++)s=a[i],e.source===s.contentWindow&&(s.removeAttribute("style"),"height"===t.message?(1e3<(r=parseInt(t.value,10))?r=1e3:~~r<200&&(r=200),s.height=r):"link"===t.message&&(r=new URL(s.getAttribute("src")),n=new URL(t.value),c.test(n.protocol))&&n.host===r.host&&l.activeElement===s&&(d.top.location.href=t.value))}},d.addEventListener("message",d.wp.receiveEmbedMessage,!1),l.addEventListener("DOMContentLoaded",function(){for(var e,t,s=l.querySelectorAll("iframe.wp-embedded-content"),r=0;r<s.length;r++)(t=(e=s[r]).getAttribute("data-secret"))||(t=Math.random().toString(36).substring(2,12),e.src+="#?secret="+t,e.setAttribute("data-secret",t)),e.contentWindow.postMessage({message:"ready",secret:t},"*")},!1)))}(window,document);
/* ]]> */
</script>

Du 24 au 26 septembre prochain, le Collectif Coexister au Saguenay, dont la professeure Marie Fall, responsable du Laboratoire d’Études et de Recherches Appliquées sur l’Afrique, est membre, en collaboration avec le Centre Justice et foi, organise une exposition de 20 photos illustrant des musulman-e-s et québécois-e-s dans différentes activités. Ces photos seront présentées à [&hellip;]
