{"version":"1.0","provider_name":"UQACtualit\u00e9s","provider_url":"https:\/\/www.uqac.ca\/uqactualites","title":"L\u2019UQAC pr\u00e9sente son nouveau programme en communication - UQACtualit\u00e9s","type":"rich","width":600,"height":338,"html":"<blockquote class=\"wp-embedded-content\" data-secret=\"JGNqFzE17L\"><a href=\"https:\/\/www.uqac.ca\/uqactualites\/2018\/01\/25\/luqac-presente-son-nouveau-programme-en-communication\/\">L\u2019UQAC pr\u00e9sente son nouveau programme en communication<\/a><\/blockquote><iframe sandbox=\"allow-scripts\" security=\"restricted\" src=\"https:\/\/www.uqac.ca\/uqactualites\/2018\/01\/25\/luqac-presente-son-nouveau-programme-en-communication\/embed\/#?secret=JGNqFzE17L\" width=\"600\" height=\"338\" title=\"&laquo; L\u2019UQAC pr\u00e9sente son nouveau programme en communication &raquo; &#8212; UQACtualit\u00e9s\" data-secret=\"JGNqFzE17L\" frameborder=\"0\" marginwidth=\"0\" marginheight=\"0\" scrolling=\"no\" class=\"wp-embedded-content\"><\/iframe><script type=\"text\/javascript\">\n\/* <![CDATA[ *\/\n\/*! This file is auto-generated *\/\n!function(d,l){\"use strict\";l.querySelector&&d.addEventListener&&\"undefined\"!=typeof URL&&(d.wp=d.wp||{},d.wp.receiveEmbedMessage||(d.wp.receiveEmbedMessage=function(e){var t=e.data;if((t||t.secret||t.message||t.value)&&!\/[^a-zA-Z0-9]\/.test(t.secret)){for(var s,r,n,a=l.querySelectorAll('iframe[data-secret=\"'+t.secret+'\"]'),o=l.querySelectorAll('blockquote[data-secret=\"'+t.secret+'\"]'),c=new RegExp(\"^https?:$\",\"i\"),i=0;i<o.length;i++)o[i].style.display=\"none\";for(i=0;i<a.length;i++)s=a[i],e.source===s.contentWindow&&(s.removeAttribute(\"style\"),\"height\"===t.message?(1e3<(r=parseInt(t.value,10))?r=1e3:~~r<200&&(r=200),s.height=r):\"link\"===t.message&&(r=new URL(s.getAttribute(\"src\")),n=new URL(t.value),c.test(n.protocol))&&n.host===r.host&&l.activeElement===s&&(d.top.location.href=t.value))}},d.addEventListener(\"message\",d.wp.receiveEmbedMessage,!1),l.addEventListener(\"DOMContentLoaded\",function(){for(var e,t,s=l.querySelectorAll(\"iframe.wp-embedded-content\"),r=0;r<s.length;r++)(t=(e=s[r]).getAttribute(\"data-secret\"))||(t=Math.random().toString(36).substring(2,12),e.src+=\"#?secret=\"+t,e.setAttribute(\"data-secret\",t)),e.contentWindow.postMessage({message:\"ready\",secret:t},\"*\")},!1)))}(window,document);\n\/* ]]> *\/\n<\/script>\n","thumbnail_url":"https:\/\/www.uqac.ca\/uqactualites\/wp-content\/uploads\/2018\/01\/FbLive-BCIM.jpg","thumbnail_width":2016,"thumbnail_height":1512,"description":"Le tout nouveau baccalaur\u00e9at en communication interculturelle et m\u00e9diatique de l\u2019UQAC \u00e9tait \u00e0 l\u2019honneur ce matin, alors qu\u2019une pr\u00e9sentation vid\u00e9o du programme \u00e9tait propos\u00e9e en direct de la page Facebook de l\u2019UQAC. C\u2019est le professeur-chercheur et concepteur du programme, Jorge Frozzini, qui \u00e9tait invit\u00e9 \u00e0 en faire un tour d\u2019horizon. Au cours de la rencontre [&hellip;]"}

UQACtualités

L’UQAC présente son nouveau programme en communication - UQACtualités

<blockquote class="wp-embedded-content" data-secret="JGNqFzE17L"><a href="https://www.uqac.ca/uqactualites/2018/01/25/luqac-presente-son-nouveau-programme-en-communication/">L’UQAC présente son nouveau programme en communication</a></blockquote><iframe sandbox="allow-scripts" security="restricted" src="https://www.uqac.ca/uqactualites/2018/01/25/luqac-presente-son-nouveau-programme-en-communication/embed/#?secret=JGNqFzE17L" width="600" height="338" title="&laquo; L’UQAC présente son nouveau programme en communication &raquo; &#8212; UQACtualités" data-secret="JGNqFzE17L" frameborder="0" marginwidth="0" marginheight="0" scrolling="no" class="wp-embedded-content"></iframe><script type="text/javascript">
/* <![CDATA[ */
/*! This file is auto-generated */
!function(d,l){"use strict";l.querySelector&&d.addEventListener&&"undefined"!=typeof URL&&(d.wp=d.wp||{},d.wp.receiveEmbedMessage||(d.wp.receiveEmbedMessage=function(e){var t=e.data;if((t||t.secret||t.message||t.value)&&!/[^a-zA-Z0-9]/.test(t.secret)){for(var s,r,n,a=l.querySelectorAll('iframe[data-secret="'+t.secret+'"]'),o=l.querySelectorAll('blockquote[data-secret="'+t.secret+'"]'),c=new RegExp("^https?:$","i"),i=0;i<o.length;i++)o[i].style.display="none";for(i=0;i<a.length;i++)s=a[i],e.source===s.contentWindow&&(s.removeAttribute("style"),"height"===t.message?(1e3<(r=parseInt(t.value,10))?r=1e3:~~r<200&&(r=200),s.height=r):"link"===t.message&&(r=new URL(s.getAttribute("src")),n=new URL(t.value),c.test(n.protocol))&&n.host===r.host&&l.activeElement===s&&(d.top.location.href=t.value))}},d.addEventListener("message",d.wp.receiveEmbedMessage,!1),l.addEventListener("DOMContentLoaded",function(){for(var e,t,s=l.querySelectorAll("iframe.wp-embedded-content"),r=0;r<s.length;r++)(t=(e=s[r]).getAttribute("data-secret"))||(t=Math.random().toString(36).substring(2,12),e.src+="#?secret="+t,e.setAttribute("data-secret",t)),e.contentWindow.postMessage({message:"ready",secret:t},"*")},!1)))}(window,document);
/* ]]> */
</script>

Le tout nouveau baccalauréat en communication interculturelle et médiatique de l’UQAC était à l’honneur ce matin, alors qu’une présentation vidéo du programme était proposée en direct de la page Facebook de l’UQAC. C’est le professeur-chercheur et concepteur du programme, Jorge Frozzini, qui était invité à en faire un tour d’horizon. Au cours de la rencontre [&hellip;]
