{"version":"1.0","provider_name":"UQACtualit\u00e9s","provider_url":"https:\/\/www.uqac.ca\/uqactualites","title":"Patricia Martin est nomm\u00e9e au poste de registraire - UQACtualit\u00e9s","type":"rich","width":600,"height":338,"html":"<blockquote class=\"wp-embedded-content\" data-secret=\"9SNIeluxgq\"><a href=\"https:\/\/www.uqac.ca\/uqactualites\/2025\/07\/17\/patricia-martin-est-nommee-au-poste-de-registraire\/\">Patricia Martin est nomm\u00e9e au poste de registraire<\/a><\/blockquote><iframe sandbox=\"allow-scripts\" security=\"restricted\" src=\"https:\/\/www.uqac.ca\/uqactualites\/2025\/07\/17\/patricia-martin-est-nommee-au-poste-de-registraire\/embed\/#?secret=9SNIeluxgq\" width=\"600\" height=\"338\" title=\"&laquo; Patricia Martin est nomm\u00e9e au poste de registraire &raquo; &#8212; UQACtualit\u00e9s\" data-secret=\"9SNIeluxgq\" frameborder=\"0\" marginwidth=\"0\" marginheight=\"0\" scrolling=\"no\" class=\"wp-embedded-content\"><\/iframe><script type=\"text\/javascript\">\n\/* <![CDATA[ *\/\n\/*! This file is auto-generated *\/\n!function(d,l){\"use strict\";l.querySelector&&d.addEventListener&&\"undefined\"!=typeof URL&&(d.wp=d.wp||{},d.wp.receiveEmbedMessage||(d.wp.receiveEmbedMessage=function(e){var t=e.data;if((t||t.secret||t.message||t.value)&&!\/[^a-zA-Z0-9]\/.test(t.secret)){for(var s,r,n,a=l.querySelectorAll('iframe[data-secret=\"'+t.secret+'\"]'),o=l.querySelectorAll('blockquote[data-secret=\"'+t.secret+'\"]'),c=new RegExp(\"^https?:$\",\"i\"),i=0;i<o.length;i++)o[i].style.display=\"none\";for(i=0;i<a.length;i++)s=a[i],e.source===s.contentWindow&&(s.removeAttribute(\"style\"),\"height\"===t.message?(1e3<(r=parseInt(t.value,10))?r=1e3:~~r<200&&(r=200),s.height=r):\"link\"===t.message&&(r=new URL(s.getAttribute(\"src\")),n=new URL(t.value),c.test(n.protocol))&&n.host===r.host&&l.activeElement===s&&(d.top.location.href=t.value))}},d.addEventListener(\"message\",d.wp.receiveEmbedMessage,!1),l.addEventListener(\"DOMContentLoaded\",function(){for(var e,t,s=l.querySelectorAll(\"iframe.wp-embedded-content\"),r=0;r<s.length;r++)(t=(e=s[r]).getAttribute(\"data-secret\"))||(t=Math.random().toString(36).substring(2,12),e.src+=\"#?secret=\"+t,e.setAttribute(\"data-secret\",t)),e.contentWindow.postMessage({message:\"ready\",secret:t},\"*\")},!1)))}(window,document);\n\/* ]]> *\/\n<\/script>\n","thumbnail_url":"https:\/\/www.uqac.ca\/uqactualites\/wp-content\/uploads\/2025\/07\/patricia_martin-mduhaime-a20.jpg","thumbnail_width":1920,"thumbnail_height":1280,"description":"Le Comit\u00e9 ex\u00e9cutif a proc\u00e9d\u00e9 \u00e0 la nomination de Patricia Martin au poste de registraire de l\u2019Universit\u00e9 du Qu\u00e9bec \u00e0 Chicoutimi. Cumulant plus de 20 ans d\u2019exp\u00e9rience professionnelle, dont plus d\u2019une d\u00e9cennie au sein de l\u2019UQAC, Patricia Martin a occup\u00e9 des fonctions strat\u00e9giques en soutien \u00e0 la mission acad\u00e9mique, notamment comme responsable de la coordination [&hellip;]"}

UQACtualités

Patricia Martin est nommée au poste de registraire - UQACtualités

<blockquote class="wp-embedded-content" data-secret="9SNIeluxgq"><a href="https://www.uqac.ca/uqactualites/2025/07/17/patricia-martin-est-nommee-au-poste-de-registraire/">Patricia Martin est nommée au poste de registraire</a></blockquote><iframe sandbox="allow-scripts" security="restricted" src="https://www.uqac.ca/uqactualites/2025/07/17/patricia-martin-est-nommee-au-poste-de-registraire/embed/#?secret=9SNIeluxgq" width="600" height="338" title="&laquo; Patricia Martin est nommée au poste de registraire &raquo; &#8212; UQACtualités" data-secret="9SNIeluxgq" frameborder="0" marginwidth="0" marginheight="0" scrolling="no" class="wp-embedded-content"></iframe><script type="text/javascript">
/* <![CDATA[ */
/*! This file is auto-generated */
!function(d,l){"use strict";l.querySelector&&d.addEventListener&&"undefined"!=typeof URL&&(d.wp=d.wp||{},d.wp.receiveEmbedMessage||(d.wp.receiveEmbedMessage=function(e){var t=e.data;if((t||t.secret||t.message||t.value)&&!/[^a-zA-Z0-9]/.test(t.secret)){for(var s,r,n,a=l.querySelectorAll('iframe[data-secret="'+t.secret+'"]'),o=l.querySelectorAll('blockquote[data-secret="'+t.secret+'"]'),c=new RegExp("^https?:$","i"),i=0;i<o.length;i++)o[i].style.display="none";for(i=0;i<a.length;i++)s=a[i],e.source===s.contentWindow&&(s.removeAttribute("style"),"height"===t.message?(1e3<(r=parseInt(t.value,10))?r=1e3:~~r<200&&(r=200),s.height=r):"link"===t.message&&(r=new URL(s.getAttribute("src")),n=new URL(t.value),c.test(n.protocol))&&n.host===r.host&&l.activeElement===s&&(d.top.location.href=t.value))}},d.addEventListener("message",d.wp.receiveEmbedMessage,!1),l.addEventListener("DOMContentLoaded",function(){for(var e,t,s=l.querySelectorAll("iframe.wp-embedded-content"),r=0;r<s.length;r++)(t=(e=s[r]).getAttribute("data-secret"))||(t=Math.random().toString(36).substring(2,12),e.src+="#?secret="+t,e.setAttribute("data-secret",t)),e.contentWindow.postMessage({message:"ready",secret:t},"*")},!1)))}(window,document);
/* ]]> */
</script>

Le Comité exécutif a procédé à la nomination de Patricia Martin au poste de registraire de l’Université du Québec à Chicoutimi. Cumulant plus de 20 ans d’expérience professionnelle, dont plus d’une décennie au sein de l’UQAC, Patricia Martin a occupé des fonctions stratégiques en soutien à la mission académique, notamment comme responsable de la coordination [&hellip;]
