{"version":"1.0","provider_name":"UQACtualit\u00e9s","provider_url":"https:\/\/www.uqac.ca\/uqactualites","title":"Prendre soin de nous, ensemble - UQACtualit\u00e9s","type":"rich","width":600,"height":338,"html":"<blockquote class=\"wp-embedded-content\" data-secret=\"0ZnQejHSUA\"><a href=\"https:\/\/www.uqac.ca\/uqactualites\/2026\/01\/19\/prendre-soin-de-nous-ensemble\/\">Prendre soin de nous, ensemble<\/a><\/blockquote><iframe sandbox=\"allow-scripts\" security=\"restricted\" src=\"https:\/\/www.uqac.ca\/uqactualites\/2026\/01\/19\/prendre-soin-de-nous-ensemble\/embed\/#?secret=0ZnQejHSUA\" width=\"600\" height=\"338\" title=\"&laquo; Prendre soin de nous, ensemble &raquo; &#8212; UQACtualit\u00e9s\" data-secret=\"0ZnQejHSUA\" frameborder=\"0\" marginwidth=\"0\" marginheight=\"0\" scrolling=\"no\" class=\"wp-embedded-content\"><\/iframe><script type=\"text\/javascript\">\n\/* <![CDATA[ *\/\n\/*! This file is auto-generated *\/\n!function(d,l){\"use strict\";l.querySelector&&d.addEventListener&&\"undefined\"!=typeof URL&&(d.wp=d.wp||{},d.wp.receiveEmbedMessage||(d.wp.receiveEmbedMessage=function(e){var t=e.data;if((t||t.secret||t.message||t.value)&&!\/[^a-zA-Z0-9]\/.test(t.secret)){for(var s,r,n,a=l.querySelectorAll('iframe[data-secret=\"'+t.secret+'\"]'),o=l.querySelectorAll('blockquote[data-secret=\"'+t.secret+'\"]'),c=new RegExp(\"^https?:$\",\"i\"),i=0;i<o.length;i++)o[i].style.display=\"none\";for(i=0;i<a.length;i++)s=a[i],e.source===s.contentWindow&&(s.removeAttribute(\"style\"),\"height\"===t.message?(1e3<(r=parseInt(t.value,10))?r=1e3:~~r<200&&(r=200),s.height=r):\"link\"===t.message&&(r=new URL(s.getAttribute(\"src\")),n=new URL(t.value),c.test(n.protocol))&&n.host===r.host&&l.activeElement===s&&(d.top.location.href=t.value))}},d.addEventListener(\"message\",d.wp.receiveEmbedMessage,!1),l.addEventListener(\"DOMContentLoaded\",function(){for(var e,t,s=l.querySelectorAll(\"iframe.wp-embedded-content\"),r=0;r<s.length;r++)(t=(e=s[r]).getAttribute(\"data-secret\"))||(t=Math.random().toString(36).substring(2,12),e.src+=\"#?secret=\"+t,e.setAttribute(\"data-secret\",t)),e.contentWindow.postMessage({message:\"ready\",secret:t},\"*\")},!1)))}(window,document);\n\/* ]]> *\/\n<\/script>\n","thumbnail_url":"https:\/\/www.uqac.ca\/uqactualites\/wp-content\/uploads\/2026\/01\/image18494931.png","thumbnail_width":2000,"thumbnail_height":1400,"description":"Ce mercredi 21 janvier, l\u2019UQAC fera toute la place \u00e0 la sant\u00e9 mentale! Dans un milieu aussi dynamique que le n\u00f4tre, il est parfois difficile de lever le pied. Cette journ\u00e9e d\u00e9di\u00e9e \u00e0 la sant\u00e9 mentale nous offre l\u2019occasion de le faire collectivement, dans un esprit d\u2019ouverture et de bienveillance. Ce moment de pause nous [&hellip;]"}

UQACtualités

Prendre soin de nous, ensemble - UQACtualités

<blockquote class="wp-embedded-content" data-secret="0ZnQejHSUA"><a href="https://www.uqac.ca/uqactualites/2026/01/19/prendre-soin-de-nous-ensemble/">Prendre soin de nous, ensemble</a></blockquote><iframe sandbox="allow-scripts" security="restricted" src="https://www.uqac.ca/uqactualites/2026/01/19/prendre-soin-de-nous-ensemble/embed/#?secret=0ZnQejHSUA" width="600" height="338" title="&laquo; Prendre soin de nous, ensemble &raquo; &#8212; UQACtualités" data-secret="0ZnQejHSUA" frameborder="0" marginwidth="0" marginheight="0" scrolling="no" class="wp-embedded-content"></iframe><script type="text/javascript">
/* <![CDATA[ */
/*! This file is auto-generated */
!function(d,l){"use strict";l.querySelector&&d.addEventListener&&"undefined"!=typeof URL&&(d.wp=d.wp||{},d.wp.receiveEmbedMessage||(d.wp.receiveEmbedMessage=function(e){var t=e.data;if((t||t.secret||t.message||t.value)&&!/[^a-zA-Z0-9]/.test(t.secret)){for(var s,r,n,a=l.querySelectorAll('iframe[data-secret="'+t.secret+'"]'),o=l.querySelectorAll('blockquote[data-secret="'+t.secret+'"]'),c=new RegExp("^https?:$","i"),i=0;i<o.length;i++)o[i].style.display="none";for(i=0;i<a.length;i++)s=a[i],e.source===s.contentWindow&&(s.removeAttribute("style"),"height"===t.message?(1e3<(r=parseInt(t.value,10))?r=1e3:~~r<200&&(r=200),s.height=r):"link"===t.message&&(r=new URL(s.getAttribute("src")),n=new URL(t.value),c.test(n.protocol))&&n.host===r.host&&l.activeElement===s&&(d.top.location.href=t.value))}},d.addEventListener("message",d.wp.receiveEmbedMessage,!1),l.addEventListener("DOMContentLoaded",function(){for(var e,t,s=l.querySelectorAll("iframe.wp-embedded-content"),r=0;r<s.length;r++)(t=(e=s[r]).getAttribute("data-secret"))||(t=Math.random().toString(36).substring(2,12),e.src+="#?secret="+t,e.setAttribute("data-secret",t)),e.contentWindow.postMessage({message:"ready",secret:t},"*")},!1)))}(window,document);
/* ]]> */
</script>

Ce mercredi 21 janvier, l’UQAC fera toute la place à la santé mentale! Dans un milieu aussi dynamique que le nôtre, il est parfois difficile de lever le pied. Cette journée dédiée à la santé mentale nous offre l’occasion de le faire collectivement, dans un esprit d’ouverture et de bienveillance. Ce moment de pause nous [&hellip;]
